Last updated on 2024-05-21 02:02:12 CEST.
Flavor | Version | Tinstall | Tcheck | Ttotal | Status | Flags |
---|---|---|---|---|---|---|
r-devel-linux-x86_64-debian-clang | 0.8.0 | 30.57 | 65.84 | 96.41 | NOTE | |
r-devel-linux-x86_64-debian-gcc | 0.8.0 | 23.45 | 47.15 | 70.60 | NOTE | |
r-devel-linux-x86_64-fedora-clang | 0.8.0 | 124.84 | NOTE | |||
r-devel-linux-x86_64-fedora-gcc | 0.8.0 | 143.08 | NOTE | |||
r-devel-windows-x86_64 | 0.8.0 | 27.00 | 97.00 | 124.00 | NOTE | |
r-patched-linux-x86_64 | 0.8.0 | 36.97 | 61.93 | 98.90 | NOTE | |
r-release-linux-x86_64 | 0.8.0 | 32.17 | 60.76 | 92.93 | NOTE | |
r-release-macos-arm64 | 0.8.0 | 44.00 | OK | |||
r-release-windows-x86_64 | 0.8.0 | 27.00 | 100.00 | 127.00 | NOTE | |
r-oldrel-macos-arm64 | 0.8.0 | 47.00 | OK | |||
r-oldrel-macos-x86_64 | 0.8.0 | 122.00 | OK | |||
r-oldrel-windows-x86_64 | 0.8.0 | 35.00 | 110.00 | 145.00 | OK |
Version: 0.8.0
Check: HTML version of manual
Result: NOTE
Found the following HTML validation problems:
estimate.probability.html:33:1 (estimate.probability.Rd:25): Warning: trimming empty <li>
estimate.probability.html:35:1 (estimate.probability.Rd:26): Warning: trimming empty <li>
Flavors: r-devel-linux-x86_64-debian-clang, r-devel-linux-x86_64-debian-gcc, r-devel-linux-x86_64-fedora-clang, r-devel-linux-x86_64-fedora-gcc, r-devel-windows-x86_64, r-patched-linux-x86_64, r-release-linux-x86_64, r-release-windows-x86_64