Last updated on 2025-02-20 01:50:42 CET.
Flavor | Version | Tinstall | Tcheck | Ttotal | Status | Flags |
---|---|---|---|---|---|---|
r-devel-linux-x86_64-debian-clang | 0.2.0 | 8.03 | 89.31 | 97.34 | NOTE | |
r-devel-linux-x86_64-debian-gcc | 0.2.0 | 5.48 | 62.64 | 68.12 | NOTE | |
r-devel-linux-x86_64-fedora-clang | 0.2.0 | 150.57 | NOTE | |||
r-devel-linux-x86_64-fedora-gcc | 0.2.0 | 155.87 | NOTE | |||
r-devel-macos-arm64 | 0.2.0 | 52.00 | OK | |||
r-devel-macos-x86_64 | 0.2.0 | 172.00 | NOTE | |||
r-devel-windows-x86_64 | 0.2.0 | 9.00 | 98.00 | 107.00 | NOTE | |
r-patched-linux-x86_64 | 0.2.0 | 7.50 | 81.93 | 89.43 | OK | |
r-release-linux-x86_64 | 0.2.0 | 5.56 | 81.51 | 87.07 | OK | |
r-release-macos-arm64 | 0.2.0 | 47.00 | OK | |||
r-release-macos-x86_64 | 0.2.0 | 145.00 | OK | |||
r-release-windows-x86_64 | 0.2.0 | 8.00 | 92.00 | 100.00 | OK | |
r-oldrel-macos-arm64 | 0.2.0 | 59.00 | OK | |||
r-oldrel-macos-x86_64 | 0.2.0 | 96.00 | OK | |||
r-oldrel-windows-x86_64 | 0.2.0 | 11.00 | 101.00 | 112.00 | OK |
Version: 0.2.0
Check: DESCRIPTION meta-information
Result: NOTE
Missing dependency on R >= 4.1.0 because package code uses the pipe
|> or function shorthand \(...) syntax added in R 4.1.0.
File(s) using such syntax:
‘phylepic.R’ ‘plot.phylepic.R’ ‘plot_tree.R’
Flavors: r-devel-linux-x86_64-debian-clang, r-devel-linux-x86_64-debian-gcc, r-devel-linux-x86_64-fedora-clang, r-devel-linux-x86_64-fedora-gcc, r-devel-macos-x86_64, r-devel-windows-x86_64