CRAN Package Check Results for Package phylter

Last updated on 2025-04-30 01:50:30 CEST.

Flavor Version Tinstall Tcheck Ttotal Status Flags
r-devel-linux-x86_64-debian-clang 0.9.11 18.04 130.96 149.00 NOTE
r-devel-linux-x86_64-debian-gcc 0.9.11 11.59 92.89 104.48 NOTE
r-devel-linux-x86_64-fedora-clang 0.9.11 233.47 NOTE
r-devel-linux-x86_64-fedora-gcc 0.9.11 236.74 NOTE
r-devel-windows-x86_64 0.9.11 22.00 149.00 171.00 NOTE
r-patched-linux-x86_64 0.9.11 15.63 123.81 139.44 NOTE
r-release-linux-x86_64 0.9.11 16.96 123.21 140.17 NOTE
r-release-macos-arm64 0.9.11 69.00 NOTE
r-release-macos-x86_64 0.9.11 127.00 NOTE
r-release-windows-x86_64 0.9.11 24.00 141.00 165.00 NOTE
r-oldrel-macos-arm64 0.9.11 61.00 NOTE
r-oldrel-macos-x86_64 0.9.11 99.00 NOTE
r-oldrel-windows-x86_64 0.9.11 25.00 167.00 192.00 NOTE

Check Details

Version: 0.9.11
Check: Rd files
Result: NOTE checkRd: (-1) phylter.Rd:51: Lost braces; missing escapes or markup? 51 | the output ({out$DiscardedGenes}).} | ^ Flavors: r-devel-linux-x86_64-debian-clang, r-devel-linux-x86_64-debian-gcc, r-devel-linux-x86_64-fedora-clang, r-devel-linux-x86_64-fedora-gcc, r-devel-windows-x86_64, r-patched-linux-x86_64, r-release-linux-x86_64, r-release-macos-arm64, r-release-macos-x86_64, r-release-windows-x86_64, r-oldrel-macos-arm64, r-oldrel-macos-x86_64, r-oldrel-windows-x86_64