Last updated on 2025-05-01 01:49:41 CEST.
Flavor | Version | Tinstall | Tcheck | Ttotal | Status | Flags |
---|---|---|---|---|---|---|
r-devel-linux-x86_64-debian-clang | 2.0.0 | 4.17 | 72.18 | 76.35 | NOTE | |
r-devel-linux-x86_64-debian-gcc | 2.0.0 | 2.89 | 48.83 | 51.72 | OK | |
r-devel-linux-x86_64-fedora-clang | 2.0.0 | 120.15 | OK | |||
r-devel-linux-x86_64-fedora-gcc | 2.0.0 | 127.27 | OK | |||
r-devel-windows-x86_64 | 2.0.0 | 5.00 | 97.00 | 102.00 | OK | |
r-patched-linux-x86_64 | 2.0.0 | 4.53 | 66.96 | 71.49 | OK | |
r-release-linux-x86_64 | 2.0.0 | 3.12 | 66.94 | 70.06 | OK | |
r-release-macos-arm64 | 2.0.0 | 51.00 | OK | |||
r-release-macos-x86_64 | 2.0.0 | 81.00 | OK | |||
r-release-windows-x86_64 | 2.0.0 | 6.00 | 97.00 | 103.00 | OK | |
r-oldrel-macos-arm64 | 2.0.0 | 203.00 | OK | |||
r-oldrel-macos-x86_64 | 2.0.0 | 224.00 | OK | |||
r-oldrel-windows-x86_64 | 2.0.0 | 7.00 | 106.00 | 113.00 | OK |
Version: 2.0.0
Check: examples
Result: NOTE
Examples with CPU (user + system) or elapsed time > 5s
user system elapsed
simulated_annealing_Prochloro 10.560 0.150 13.354
simulated_annealing 6.752 0.118 8.755
Cluster 3.484 0.218 5.076
Flavor: r-devel-linux-x86_64-debian-clang
Version: 2.0.0
Check: examples
Result: NA
user system elapsed
simulated_annealing_Prochloro 5.793 0.161 6.541
OK
Flavor: r-devel-linux-x86_64-debian-gcc