Last updated on 2024-05-21 02:02:12 CEST.
Flavor | Version | Tinstall | Tcheck | Ttotal | Status | Flags |
---|---|---|---|---|---|---|
r-devel-linux-x86_64-debian-clang | 0.2.2 | 101.55 | 78.14 | 179.69 | OK | |
r-devel-linux-x86_64-debian-gcc | 0.2.2 | 76.20 | 62.10 | 138.30 | OK | |
r-devel-linux-x86_64-fedora-clang | 0.2.2 | 206.99 | OK | |||
r-devel-linux-x86_64-fedora-gcc | 0.2.2 | 261.18 | OK | |||
r-devel-windows-x86_64 | 0.2.2 | 60.00 | 93.00 | 153.00 | OK | |
r-patched-linux-x86_64 | 0.2.2 | 96.18 | 76.57 | 172.75 | OK | |
r-release-linux-x86_64 | 0.2.2 | 89.54 | 78.80 | 168.34 | OK | |
r-release-macos-arm64 | 0.2.2 | 63.00 | NOTE | |||
r-release-windows-x86_64 | 0.2.2 | 60.00 | 94.00 | 154.00 | OK | |
r-oldrel-macos-arm64 | 0.2.2 | 80.00 | NOTE | |||
r-oldrel-macos-x86_64 | 0.2.2 | 114.00 | NOTE | |||
r-oldrel-windows-x86_64 | 0.2.2 | 73.00 | 113.00 | 186.00 | OK |
Version: 0.2.2
Check: installed package size
Result: NOTE
installed size is 25.5Mb
sub-directories of 1Mb or more:
libs 25.3Mb
Flavors: r-release-macos-arm64, r-oldrel-macos-arm64, r-oldrel-macos-x86_64