Last updated on 2025-10-31 01:49:07 CET.
| Flavor | Version | Tinstall | Tcheck | Ttotal | Status | Flags | 
|---|---|---|---|---|---|---|
| r-devel-linux-x86_64-debian-clang | 2.0.3 | 1.39 | 20.80 | 22.19 | NOTE | |
| r-devel-linux-x86_64-debian-gcc | 2.0.3 | 1.33 | 17.59 | 18.92 | NOTE | |
| r-devel-linux-x86_64-fedora-clang | 2.0.3 | 31.60 | OK | |||
| r-devel-linux-x86_64-fedora-gcc | 2.0.3 | 30.84 | OK | |||
| r-devel-windows-x86_64 | 2.0.3 | 3.00 | 46.00 | 49.00 | OK | |
| r-patched-linux-x86_64 | 2.0.3 | 1.32 | 19.65 | 20.97 | OK | |
| r-release-linux-x86_64 | 2.0.3 | 1.29 | 19.60 | 20.89 | OK | |
| r-release-macos-arm64 | 2.0.3 | 1.00 | 16.00 | 17.00 | OK | |
| r-release-macos-x86_64 | 2.0.3 | 1.00 | 25.00 | 26.00 | OK | |
| r-release-windows-x86_64 | 2.0.3 | 4.00 | 51.00 | 55.00 | OK | |
| r-oldrel-macos-arm64 | 2.0.3 | 1.00 | 18.00 | 19.00 | NOTE | |
| r-oldrel-macos-x86_64 | 2.0.3 | 1.00 | 20.00 | 21.00 | NOTE | |
| r-oldrel-windows-x86_64 | 2.0.3 | 4.00 | 53.00 | 57.00 | NOTE | 
Version: 2.0.3
Check: CRAN incoming feasibility
Result: NOTE
  Maintainer: ‘Gábor Csárdi <csardi.gabor@gmail.com>’
  
  No Authors@R field in DESCRIPTION.
  Please add one, modifying
    Authors@R: person(given = "Gábor",
                      family = "Csárdi",
                      role = c("aut", "cre"),
                      email = "csardi.gabor@gmail.com")
  as necessary.
Flavors: r-devel-linux-x86_64-debian-clang, r-devel-linux-x86_64-debian-gcc
Version: 2.0.3
Check: LazyData
Result: NOTE
    'LazyData' is specified without a 'data' directory
Flavors: r-oldrel-macos-arm64, r-oldrel-macos-x86_64, r-oldrel-windows-x86_64