CRAN Package Check Results for Package pkgverse

Last updated on 2025-11-23 02:51:32 CET.

Flavor Version Tinstall Tcheck Ttotal Status Flags
r-devel-linux-x86_64-debian-clang 0.0.1 1.84 20.80 22.64 OK
r-devel-linux-x86_64-debian-gcc 0.0.1 1.50 17.04 18.54 OK
r-devel-linux-x86_64-fedora-clang 0.0.1 32.18 OK
r-devel-linux-x86_64-fedora-gcc 0.0.1 30.58 OK
r-devel-windows-x86_64 0.0.1 7.00 37.00 44.00 OK
r-patched-linux-x86_64 0.0.1 2.00 18.62 20.62 OK
r-release-linux-x86_64 0.0.1 1.96 18.38 20.34 OK
r-release-macos-arm64 0.0.1 OK
r-release-macos-x86_64 0.0.1 2.00 21.00 23.00 OK
r-release-windows-x86_64 0.0.1 4.00 44.00 48.00 OK
r-oldrel-macos-arm64 0.0.1 NOTE
r-oldrel-macos-x86_64 0.0.1 1.00 20.00 21.00 NOTE
r-oldrel-windows-x86_64 0.0.1 5.00 42.00 47.00 NOTE

Check Details

Version: 0.0.1
Check: LazyData
Result: NOTE 'LazyData' is specified without a 'data' directory Flavors: r-oldrel-macos-arm64, r-oldrel-macos-x86_64, r-oldrel-windows-x86_64