Last updated on 2025-04-30 02:50:47 CEST.
Flavor | Version | Tinstall | Tcheck | Ttotal | Status | Flags |
---|---|---|---|---|---|---|
r-devel-linux-x86_64-debian-clang | 0.2.0 | 1.34 | 22.68 | 24.02 | NOTE | |
r-devel-linux-x86_64-debian-gcc | 0.2.0 | 1.24 | 17.99 | 19.23 | OK | |
r-devel-linux-x86_64-fedora-clang | 0.2.0 | 37.56 | OK | |||
r-devel-linux-x86_64-fedora-gcc | 0.2.0 | 35.41 | OK | |||
r-devel-windows-x86_64 | 0.2.0 | 3.00 | 54.00 | 57.00 | OK | |
r-patched-linux-x86_64 | 0.2.0 | 1.24 | 20.51 | 21.75 | OK | |
r-release-linux-x86_64 | 0.2.0 | 1.28 | 20.28 | 21.56 | OK | |
r-release-macos-arm64 | 0.2.0 | 16.00 | OK | |||
r-release-macos-x86_64 | 0.2.0 | 30.00 | OK | |||
r-release-windows-x86_64 | 0.2.0 | 3.00 | 53.00 | 56.00 | OK | |
r-oldrel-macos-arm64 | 0.2.0 | 21.00 | NOTE | |||
r-oldrel-macos-x86_64 | 0.2.0 | 35.00 | NOTE | |||
r-oldrel-windows-x86_64 | 0.2.0 | 3.00 | 50.00 | 53.00 | NOTE |
Version: 0.2.0
Check: examples
Result: NOTE
Examples with CPU (user + system) or elapsed time > 5s
user system elapsed
plogr-package 4.188 0.29 6.071
Flavor: r-devel-linux-x86_64-debian-clang
Version: 0.2.0
Check: LazyData
Result: NOTE
'LazyData' is specified without a 'data' directory
Flavors: r-oldrel-macos-arm64, r-oldrel-macos-x86_64, r-oldrel-windows-x86_64