CRAN Package Check Results for Package plu

Last updated on 2025-02-17 01:50:34 CET.

Flavor Version Tinstall Tcheck Ttotal Status Flags
r-devel-linux-x86_64-debian-clang 0.3.0 6.46 34.25 40.71 NOTE
r-devel-linux-x86_64-debian-gcc 0.3.0 5.85 26.62 32.47 NOTE
r-devel-linux-x86_64-fedora-clang 0.3.0 64.99 NOTE
r-devel-linux-x86_64-fedora-gcc 0.3.0 61.46 NOTE
r-devel-macos-arm64 0.3.0 27.00 NOTE
r-devel-macos-x86_64 0.3.0 39.00 NOTE
r-devel-windows-x86_64 0.3.0 9.00 55.00 64.00 NOTE
r-patched-linux-x86_64 0.3.0 7.14 32.66 39.80 NOTE
r-release-linux-x86_64 0.3.0 7.24 32.47 39.71 NOTE
r-release-macos-arm64 0.3.0 26.00 NOTE
r-release-macos-x86_64 0.3.0 34.00 NOTE
r-release-windows-x86_64 0.3.0 9.00 54.00 63.00 NOTE
r-oldrel-macos-arm64 0.3.0 28.00 OK
r-oldrel-macos-x86_64 0.3.0 62.00 OK
r-oldrel-windows-x86_64 0.3.0 10.00 69.00 79.00 OK

Check Details

Version: 0.3.0
Check: Rd files
Result: NOTE checkRd: (-1) plu_more.Rd:16: Lost braces; missing escapes or markup? 16 | Additional arguments are replaced with "{n} more". | ^ Flavors: r-devel-linux-x86_64-debian-clang, r-devel-linux-x86_64-debian-gcc, r-devel-linux-x86_64-fedora-clang, r-devel-linux-x86_64-fedora-gcc, r-devel-macos-arm64, r-devel-macos-x86_64, r-devel-windows-x86_64, r-patched-linux-x86_64, r-release-linux-x86_64, r-release-macos-arm64, r-release-macos-x86_64, r-release-windows-x86_64