Last updated on 2024-05-21 02:02:13 CEST.
Flavor | Version | Tinstall | Tcheck | Ttotal | Status | Flags |
---|---|---|---|---|---|---|
r-devel-linux-x86_64-debian-clang | 0.1.3 | 2.03 | 21.60 | 23.63 | OK | |
r-devel-linux-x86_64-debian-gcc | 0.1.3 | 1.36 | 16.93 | 18.29 | OK | |
r-devel-linux-x86_64-fedora-clang | 0.1.3 | 29.73 | NOTE | |||
r-devel-linux-x86_64-fedora-gcc | 0.1.3 | 28.23 | NOTE | |||
r-devel-windows-x86_64 | 0.1.3 | 3.00 | 41.00 | 44.00 | OK | |
r-patched-linux-x86_64 | 0.1.3 | 2.16 | 21.20 | 23.36 | OK | |
r-release-linux-x86_64 | 0.1.3 | 1.88 | 21.07 | 22.95 | OK | |
r-release-macos-arm64 | 0.1.3 | 14.00 | OK | |||
r-release-windows-x86_64 | 0.1.3 | 3.00 | 41.00 | 44.00 | OK | |
r-oldrel-macos-arm64 | 0.1.3 | 16.00 | OK | |||
r-oldrel-macos-x86_64 | 0.1.3 | 19.00 | OK | |||
r-oldrel-windows-x86_64 | 0.1.3 | 3.00 | 38.00 | 41.00 | OK |
Version: 0.1.3
Check: data for non-ASCII characters
Result: NOTE
Note: found 437 marked UTF-8 strings
Flavors: r-devel-linux-x86_64-fedora-clang, r-devel-linux-x86_64-fedora-gcc