Last updated on 2025-10-22 01:51:34 CEST.
Flavor | Version | Tinstall | Tcheck | Ttotal | Status | Flags |
---|---|---|---|---|---|---|
r-devel-linux-x86_64-debian-clang | 1.4-1 | 2.38 | 36.43 | 38.81 | NOTE | |
r-devel-linux-x86_64-debian-gcc | 1.4-1 | 1.72 | 28.80 | 30.52 | NOTE | |
r-devel-linux-x86_64-fedora-clang | 1.4-1 | 54.18 | OK | |||
r-devel-linux-x86_64-fedora-gcc | 1.4-1 | 67.99 | OK | |||
r-devel-windows-x86_64 | 1.4-1 | 3.00 | 51.00 | 54.00 | OK | |
r-patched-linux-x86_64 | 1.4-1 | 2.50 | 34.83 | 37.33 | OK | |
r-release-linux-x86_64 | 1.4-1 | 2.01 | 34.44 | 36.45 | OK | |
r-release-macos-arm64 | 1.4-1 | 1.00 | 27.00 | 28.00 | OK | |
r-release-macos-x86_64 | 1.4-1 | 2.00 | 40.00 | 42.00 | OK | |
r-release-windows-x86_64 | 1.4-1 | 4.00 | 54.00 | 58.00 | OK | |
r-oldrel-macos-arm64 | 1.4-1 | 1.00 | 35.00 | 36.00 | OK | |
r-oldrel-macos-x86_64 | 1.4-1 | 2.00 | 32.00 | 34.00 | OK | |
r-oldrel-windows-x86_64 | 1.4-1 | 7.00 | 58.00 | 65.00 | OK |
Version: 1.4-1
Check: CRAN incoming feasibility
Result: NOTE
Maintainer: ‘Bill Venables <Bill.Venables@gmail.com>’
Package CITATION file contains call(s) to old-style citEntry(). Please
use bibentry() instead.
Flavors: r-devel-linux-x86_64-debian-clang, r-devel-linux-x86_64-debian-gcc