Last updated on 2025-05-09 01:50:14 CEST.
Flavor | Version | Tinstall | Tcheck | Ttotal | Status | Flags |
---|---|---|---|---|---|---|
r-devel-linux-x86_64-debian-clang | 0.1.3 | 82.54 | 44.09 | 126.63 | OK | |
r-devel-linux-x86_64-debian-gcc | 0.1.3 | 63.37 | 41.07 | 104.44 | OK | |
r-devel-linux-x86_64-fedora-clang | 0.1.3 | 235.19 | OK | |||
r-devel-linux-x86_64-fedora-gcc | 0.1.3 | 260.18 | OK | |||
r-devel-windows-x86_64 | 0.1.3 | 87.00 | 87.00 | 174.00 | OK | |
r-patched-linux-x86_64 | 0.1.3 | 87.77 | 51.76 | 139.53 | OK | |
r-release-linux-x86_64 | 0.1.3 | 90.00 | 51.87 | 141.87 | OK | |
r-release-macos-arm64 | 0.1.3 | 69.00 | OK | |||
r-release-macos-x86_64 | 0.1.3 | 86.00 | OK | |||
r-release-windows-x86_64 | 0.1.3 | 86.00 | 88.00 | 174.00 | OK | |
r-oldrel-macos-arm64 | 0.1.3 | 74.00 | NOTE | |||
r-oldrel-macos-x86_64 | 0.1.3 | 77.00 | NOTE | |||
r-oldrel-windows-x86_64 | 0.1.3 | 101.00 | 106.00 | 207.00 | OK |
Version: 0.1.3
Check: installed package size
Result: NOTE
installed size is 19.4Mb
sub-directories of 1Mb or more:
libs 19.0Mb
Flavors: r-oldrel-macos-arm64, r-oldrel-macos-x86_64