Last updated on 2025-05-01 01:49:41 CEST.
Flavor | Version | Tinstall | Tcheck | Ttotal | Status | Flags |
---|---|---|---|---|---|---|
r-devel-linux-x86_64-debian-clang | 1.3-2 | 10.39 | 130.21 | 140.60 | OK | |
r-devel-linux-x86_64-debian-gcc | 1.3-2 | 7.23 | 97.02 | 104.25 | OK | |
r-devel-linux-x86_64-fedora-clang | 1.3-2 | 201.20 | OK | |||
r-devel-linux-x86_64-fedora-gcc | 1.3-2 | 206.29 | OK | |||
r-devel-windows-x86_64 | 1.3-2 | 12.00 | 134.00 | 146.00 | OK | |
r-patched-linux-x86_64 | 1.3-2 | 11.89 | 125.40 | 137.29 | OK | |
r-release-linux-x86_64 | 1.3-2 | 10.46 | 124.53 | 134.99 | OK | |
r-release-macos-arm64 | 1.3-2 | 61.00 | OK | |||
r-release-macos-x86_64 | 1.3-2 | 143.00 | OK | |||
r-release-windows-x86_64 | 1.3-2 | 12.00 | 140.00 | 152.00 | OK | |
r-oldrel-macos-arm64 | 1.3-2 | 60.00 | NOTE | |||
r-oldrel-macos-x86_64 | 1.3-2 | 173.00 | NOTE | |||
r-oldrel-windows-x86_64 | 1.3-2 | 15.00 | 150.00 | 165.00 | NOTE |
Version: 1.3-2
Check: installed package size
Result: NOTE
installed size is 5.6Mb
sub-directories of 1Mb or more:
doc 5.1Mb
Flavors: r-oldrel-macos-arm64, r-oldrel-macos-x86_64, r-oldrel-windows-x86_64