Last updated on 2025-05-09 01:50:14 CEST.
Flavor | Version | Tinstall | Tcheck | Ttotal | Status | Flags |
---|---|---|---|---|---|---|
r-devel-linux-x86_64-debian-clang | 6.0 | 9.52 | 73.25 | 82.77 | NOTE | |
r-devel-linux-x86_64-debian-gcc | 6.0 | 6.07 | 50.29 | 56.36 | NOTE | |
r-devel-linux-x86_64-fedora-clang | 6.0 | 115.02 | OK | |||
r-devel-linux-x86_64-fedora-gcc | 6.0 | 118.26 | OK | |||
r-devel-windows-x86_64 | 6.0 | 10.00 | 87.00 | 97.00 | OK | |
r-patched-linux-x86_64 | 6.0 | 10.01 | 68.05 | 78.06 | OK | |
r-release-linux-x86_64 | 6.0 | 8.49 | 67.66 | 76.15 | OK | |
r-release-macos-arm64 | 6.0 | 35.00 | OK | |||
r-release-macos-x86_64 | 6.0 | 63.00 | OK | |||
r-release-windows-x86_64 | 6.0 | 13.00 | 87.00 | 100.00 | OK | |
r-oldrel-macos-arm64 | 6.0 | 33.00 | OK | |||
r-oldrel-macos-x86_64 | 6.0 | 50.00 | OK | |||
r-oldrel-windows-x86_64 | 6.0 | 14.00 | 103.00 | 117.00 | OK |
Version: 6.0
Check: CRAN incoming feasibility
Result: NOTE
Maintainer: ‘Esam Mahdi <emahdi2012@gmail.com>’
No Authors@R field in DESCRIPTION.
Please add one, modifying
Authors@R: person(given = "Esam",
family = "Mahdi",
role = c("aut", "cre"),
email = "emahdi2012@gmail.com")
as necessary.
Flavors: r-devel-linux-x86_64-debian-clang, r-devel-linux-x86_64-debian-gcc