Last updated on 2025-02-20 01:50:43 CET.
Flavor | Version | Tinstall | Tcheck | Ttotal | Status | Flags |
---|---|---|---|---|---|---|
r-devel-linux-x86_64-debian-clang | 0.5.4 | 1.95 | 39.94 | 41.89 | OK | |
r-devel-linux-x86_64-debian-gcc | 0.5.4 | 1.97 | 31.48 | 33.45 | OK | |
r-devel-linux-x86_64-fedora-clang | 0.5.4 | 70.37 | OK | |||
r-devel-linux-x86_64-fedora-gcc | 0.5.4 | 81.20 | OK | |||
r-devel-macos-arm64 | 0.5.4 | 39.00 | OK | |||
r-devel-macos-x86_64 | 0.5.4 | 64.00 | OK | |||
r-devel-windows-x86_64 | 0.5.4 | 4.00 | 68.00 | 72.00 | OK | |
r-patched-linux-x86_64 | 0.5.4 | 2.55 | 38.22 | 40.77 | OK | |
r-release-linux-x86_64 | 0.5.4 | 2.81 | 38.24 | 41.05 | OK | |
r-release-macos-arm64 | 0.5.4 | 33.00 | OK | |||
r-release-macos-x86_64 | 0.5.4 | 55.00 | OK | |||
r-release-windows-x86_64 | 0.5.4 | 6.00 | 68.00 | 74.00 | OK | |
r-oldrel-macos-arm64 | 0.5.4 | 33.00 | OK | |||
r-oldrel-macos-x86_64 | 0.5.4 | 47.00 | NOTE | |||
r-oldrel-windows-x86_64 | 0.5.4 | 6.00 | 95.00 | 101.00 | OK |
Version: 0.5.4
Check: package dependencies
Result: NOTE
Package suggested but not available for checking: ‘rstan’
Flavor: r-oldrel-macos-x86_64
Version: 0.5.4
Check: Rd cross-references
Result: NOTE
Package unavailable to check Rd xrefs: ‘rstan’
Flavor: r-oldrel-macos-x86_64