Last updated on 2025-10-25 01:51:12 CEST.
| Flavor | Version | Tinstall | Tcheck | Ttotal | Status | Flags |
|---|---|---|---|---|---|---|
| r-devel-linux-x86_64-debian-clang | 1.1.4 | 158.04 | 39.59 | 197.63 | NOTE | |
| r-devel-linux-x86_64-debian-gcc | 1.1.4 | 99.05 | 29.14 | 128.19 | NOTE | |
| r-devel-linux-x86_64-fedora-clang | 1.1.4 | 146.00 | 236.35 | 382.35 | OK | |
| r-devel-linux-x86_64-fedora-gcc | 1.1.4 | 720.00 | -344.35 | 375.65 | NOTE | |
| r-devel-windows-x86_64 | 1.1.4 | 175.00 | 74.00 | 249.00 | OK | |
| r-patched-linux-x86_64 | 1.1.4 | 159.73 | 36.76 | 196.49 | OK | |
| r-release-linux-x86_64 | 1.1.4 | 153.09 | 37.19 | 190.28 | OK | |
| r-release-macos-arm64 | 1.1.4 | 53.00 | 22.00 | 75.00 | OK | |
| r-release-macos-x86_64 | 1.1.4 | 52.00 | 35.00 | 87.00 | OK | |
| r-release-windows-x86_64 | 1.1.4 | 175.00 | 78.00 | 253.00 | OK | |
| r-oldrel-macos-arm64 | 1.1.4 | 48.00 | 25.00 | 73.00 | NOTE | |
| r-oldrel-macos-x86_64 | 1.1.4 | 61.00 | 42.00 | 103.00 | NOTE | |
| r-oldrel-windows-x86_64 | 1.1.4 | 200.00 | 89.00 | 289.00 | OK |
Version: 1.1.4
Check: Rd files
Result: NOTE
checkRd: (-1) pqrBayes-package.Rd:14-18: Only 2 columns allowed in this table (row 3 has 1)
checkRd: (-1) pqrBayes-package.Rd:14-18: Only 2 columns allowed in this table (row 5 has 1)
Flavors: r-devel-linux-x86_64-debian-clang, r-devel-linux-x86_64-debian-gcc, r-devel-linux-x86_64-fedora-gcc
Version: 1.1.4
Check: installed package size
Result: NOTE
installed size is 7.6Mb
sub-directories of 1Mb or more:
libs 7.4Mb
Flavors: r-oldrel-macos-arm64, r-oldrel-macos-x86_64