Last updated on 2025-10-22 01:51:34 CEST.
Flavor | Version | Tinstall | Tcheck | Ttotal | Status | Flags |
---|---|---|---|---|---|---|
r-devel-linux-x86_64-debian-clang | 4.1.5 | 23.94 | 165.74 | 189.68 | NOTE | |
r-devel-linux-x86_64-debian-gcc | 4.1.5 | 17.56 | 109.96 | 127.52 | NOTE | |
r-devel-linux-x86_64-fedora-clang | 4.1.5 | 66.00 | 222.40 | 288.40 | OK | |
r-devel-linux-x86_64-fedora-gcc | 4.1.5 | 63.00 | 208.45 | 271.45 | OK | |
r-devel-windows-x86_64 | 4.1.5 | 26.00 | 147.00 | 173.00 | OK | |
r-patched-linux-x86_64 | 4.1.5 | 23.72 | 151.91 | 175.63 | OK | |
r-release-linux-x86_64 | 4.1.5 | 22.12 | 149.42 | 171.54 | OK | |
r-release-macos-arm64 | 4.1.5 | 8.00 | 41.00 | 49.00 | OK | |
r-release-macos-x86_64 | 4.1.5 | 14.00 | 71.00 | 85.00 | OK | |
r-release-windows-x86_64 | 4.1.5 | 27.00 | 146.00 | 173.00 | OK | |
r-oldrel-macos-arm64 | 4.1.5 | 10.00 | 51.00 | 61.00 | OK | |
r-oldrel-macos-x86_64 | 4.1.5 | 17.00 | 92.00 | 109.00 | OK | |
r-oldrel-windows-x86_64 | 4.1.5 | 35.00 | 189.00 | 224.00 | OK |
Version: 4.1.5
Check: HTML version of manual
Result: NOTE
Found the following HTML validation problems:
run_app.html:46:1 (run_app.Rd:10): Warning: missing </ul> before </div>
Flavors: r-devel-linux-x86_64-debian-clang, r-devel-linux-x86_64-debian-gcc