Last updated on 2024-05-21 02:02:13 CEST.
Flavor | Version | Tinstall | Tcheck | Ttotal | Status | Flags |
---|---|---|---|---|---|---|
r-devel-linux-x86_64-debian-clang | 2.6.1 | 7.70 | 57.79 | 65.49 | OK | |
r-devel-linux-x86_64-debian-gcc | 2.6.1 | 6.10 | 44.45 | 50.55 | OK | |
r-devel-linux-x86_64-fedora-clang | 2.6.1 | 81.01 | NOTE | |||
r-devel-linux-x86_64-fedora-gcc | 2.6.1 | 76.81 | OK | |||
r-devel-windows-x86_64 | 2.6.1 | 9.00 | 67.00 | 76.00 | NOTE | |
r-patched-linux-x86_64 | 2.6.1 | 7.94 | 54.49 | 62.43 | OK | |
r-release-linux-x86_64 | 2.6.1 | 8.66 | 55.03 | 63.69 | OK | |
r-release-macos-arm64 | 2.6.1 | 26.00 | NOTE | |||
r-release-windows-x86_64 | 2.6.1 | 9.00 | 66.00 | 75.00 | NOTE | |
r-oldrel-macos-arm64 | 2.6.1 | 34.00 | NOTE | |||
r-oldrel-macos-x86_64 | 2.6.1 | 47.00 | NOTE | |||
r-oldrel-windows-x86_64 | 2.6.1 | 10.00 | 73.00 | 83.00 | NOTE |
Version: 2.6.1
Check: installed package size
Result: NOTE
installed size is 5.6Mb
sub-directories of 1Mb or more:
shinyApp 5.4Mb
Flavors: r-devel-linux-x86_64-fedora-clang, r-devel-windows-x86_64, r-release-macos-arm64, r-release-windows-x86_64, r-oldrel-macos-arm64, r-oldrel-macos-x86_64, r-oldrel-windows-x86_64