CRAN Package Check Results for Package prettydoc

Last updated on 2025-04-30 01:50:31 CEST.

Flavor Version Tinstall Tcheck Ttotal Status Flags
r-devel-linux-x86_64-debian-clang 0.4.1 2.93 39.65 42.58 OK
r-devel-linux-x86_64-debian-gcc 0.4.1 2.04 31.82 33.86 OK
r-devel-linux-x86_64-fedora-clang 0.4.1 66.10 OK
r-devel-linux-x86_64-fedora-gcc 0.4.1 77.94 OK
r-devel-windows-x86_64 0.4.1 4.00 71.00 75.00 OK
r-patched-linux-x86_64 0.4.1 2.53 38.57 41.10 OK
r-release-linux-x86_64 0.4.1 2.74 38.29 41.03 OK
r-release-macos-arm64 0.4.1 38.00 OK
r-release-macos-x86_64 0.4.1 63.00 OK
r-release-windows-x86_64 0.4.1 5.00 70.00 75.00 OK
r-oldrel-macos-arm64 0.4.1 34.00 NOTE
r-oldrel-macos-x86_64 0.4.1 47.00 NOTE
r-oldrel-windows-x86_64 0.4.1 5.00 67.00 72.00 NOTE

Check Details

Version: 0.4.1
Check: LazyData
Result: NOTE 'LazyData' is specified without a 'data' directory Flavors: r-oldrel-macos-arm64, r-oldrel-macos-x86_64, r-oldrel-windows-x86_64