Last updated on 2025-02-14 02:49:52 CET.
Flavor | Version | Tinstall | Tcheck | Ttotal | Status | Flags |
---|---|---|---|---|---|---|
r-devel-linux-x86_64-debian-clang | 0.6.1 | 2.68 | 27.71 | 30.39 | NOTE | |
r-devel-linux-x86_64-debian-gcc | 0.6.1 | 1.65 | 20.04 | 21.69 | NOTE | |
r-devel-linux-x86_64-fedora-clang | 0.6.1 | 49.90 | NOTE | |||
r-devel-linux-x86_64-fedora-gcc | 0.6.1 | 46.83 | NOTE | |||
r-devel-windows-x86_64 | 0.6.1 | 3.00 | 59.00 | 62.00 | NOTE | |
r-patched-linux-x86_64 | 0.6.1 | 3.22 | 26.33 | 29.55 | NOTE | |
r-release-linux-x86_64 | 0.6.1 | 2.27 | 26.69 | 28.96 | NOTE | |
r-release-macos-arm64 | 0.6.1 | 23.00 | NOTE | |||
r-release-macos-x86_64 | 0.6.1 | 26.00 | NOTE | |||
r-release-windows-x86_64 | 0.6.1 | 3.00 | 52.00 | 55.00 | NOTE | |
r-oldrel-macos-arm64 | 0.6.1 | 21.00 | NOTE | |||
r-oldrel-macos-x86_64 | 0.6.1 | 26.00 | NOTE | |||
r-oldrel-windows-x86_64 | 0.6.1 | 5.00 | 52.00 | 57.00 | NOTE |
Version: 0.6.1
Check: Rd files
Result: NOTE
checkRd: (-1) plot.profileModel.Rd:69: Escaped LaTeX specials: \&
checkRd: (-1) profileModel.Rd:277: Escaped LaTeX specials: \&
Flavors: r-devel-linux-x86_64-debian-clang, r-devel-linux-x86_64-debian-gcc, r-devel-linux-x86_64-fedora-clang, r-devel-linux-x86_64-fedora-gcc, r-devel-windows-x86_64, r-patched-linux-x86_64, r-release-linux-x86_64, r-release-macos-arm64, r-release-macos-x86_64, r-release-windows-x86_64, r-oldrel-macos-arm64, r-oldrel-macos-x86_64, r-oldrel-windows-x86_64