Last updated on 2025-02-20 01:50:43 CET.
Flavor | Version | Tinstall | Tcheck | Ttotal | Status | Flags |
---|---|---|---|---|---|---|
r-devel-linux-x86_64-debian-clang | 1.5.0 | 2.99 | 36.63 | 39.62 | NOTE | |
r-devel-linux-x86_64-debian-gcc | 1.5.0 | 1.96 | 26.73 | 28.69 | NOTE | |
r-devel-linux-x86_64-fedora-clang | 1.5.0 | 65.50 | NOTE | |||
r-devel-linux-x86_64-fedora-gcc | 1.5.0 | 74.66 | NOTE | |||
r-devel-macos-arm64 | 1.5.0 | 28.00 | OK | |||
r-devel-macos-x86_64 | 1.5.0 | 51.00 | NOTE | |||
r-devel-windows-x86_64 | 1.5.0 | 4.00 | 59.00 | 63.00 | NOTE | |
r-patched-linux-x86_64 | 1.5.0 | 3.22 | 34.38 | 37.60 | OK | |
r-release-linux-x86_64 | 1.5.0 | 2.71 | 34.19 | 36.90 | OK | |
r-release-macos-arm64 | 1.5.0 | 28.00 | OK | |||
r-release-macos-x86_64 | 1.5.0 | 40.00 | OK | |||
r-release-windows-x86_64 | 1.5.0 | 4.00 | 60.00 | 64.00 | OK | |
r-oldrel-macos-arm64 | 1.5.0 | 33.00 | OK | |||
r-oldrel-macos-x86_64 | 1.5.0 | 95.00 | OK | |||
r-oldrel-windows-x86_64 | 1.5.0 | 5.00 | 60.00 | 65.00 | OK |
Version: 1.5.0
Check: DESCRIPTION meta-information
Result: NOTE
Missing dependency on R >= 4.1.0 because package code uses the pipe
|> or function shorthand \(...) syntax added in R 4.1.0.
File(s) using such syntax:
‘biproportional-divisors.R’
Flavors: r-devel-linux-x86_64-debian-clang, r-devel-linux-x86_64-debian-gcc, r-devel-linux-x86_64-fedora-clang, r-devel-linux-x86_64-fedora-gcc, r-devel-macos-x86_64, r-devel-windows-x86_64