Last updated on 2025-05-09 01:50:14 CEST.
Flavor | Version | Tinstall | Tcheck | Ttotal | Status | Flags |
---|---|---|---|---|---|---|
r-devel-linux-x86_64-debian-clang | 0.2.8 | 29.18 | 101.27 | 130.45 | OK | |
r-devel-linux-x86_64-debian-gcc | 0.2.8 | 22.71 | 82.99 | 105.70 | OK | |
r-devel-linux-x86_64-fedora-clang | 0.2.8 | 234.11 | OK | |||
r-devel-linux-x86_64-fedora-gcc | 0.2.8 | 239.71 | OK | |||
r-devel-windows-x86_64 | 0.2.8 | 36.00 | 151.00 | 187.00 | OK | |
r-patched-linux-x86_64 | 0.2.8 | 31.52 | 110.83 | 142.35 | OK | |
r-release-linux-x86_64 | 0.2.8 | 32.08 | 112.42 | 144.50 | OK | |
r-release-macos-arm64 | 0.2.8 | 100.00 | OK | |||
r-release-macos-x86_64 | 0.2.8 | 185.00 | OK | |||
r-release-windows-x86_64 | 0.2.8 | 36.00 | 162.00 | 198.00 | OK | |
r-oldrel-macos-arm64 | 0.2.8 | 85.00 | NOTE | |||
r-oldrel-macos-x86_64 | 0.2.8 | 161.00 | NOTE | |||
r-oldrel-windows-x86_64 | 0.2.8 | 42.00 | 183.00 | 225.00 | OK |
Version: 0.2.8
Check: installed package size
Result: NOTE
installed size is 7.0Mb
sub-directories of 1Mb or more:
data 2.9Mb
libs 2.8Mb
Flavors: r-oldrel-macos-arm64, r-oldrel-macos-x86_64