Last updated on 2025-11-20 03:50:19 CET.
| Flavor | Version | Tinstall | Tcheck | Ttotal | Status | Flags |
|---|---|---|---|---|---|---|
| r-devel-linux-x86_64-debian-clang | 1.0 | 1.91 | 24.17 | 26.08 | OK | |
| r-devel-linux-x86_64-debian-gcc | 1.0 | 1.43 | 19.69 | 21.12 | OK | |
| r-devel-linux-x86_64-fedora-clang | 1.0 | 42.71 | OK | |||
| r-devel-linux-x86_64-fedora-gcc | 1.0 | 56.73 | OK | |||
| r-devel-windows-x86_64 | 1.0 | 5.00 | 44.00 | 49.00 | OK | |
| r-patched-linux-x86_64 | 1.0 | 1.54 | 22.74 | 24.28 | OK | |
| r-release-linux-x86_64 | 1.0 | 2.00 | 22.51 | 24.51 | OK | |
| r-release-macos-arm64 | 1.0 | OK | ||||
| r-release-macos-x86_64 | 1.0 | 2.00 | 37.00 | 39.00 | OK | |
| r-release-windows-x86_64 | 1.0 | 3.00 | 42.00 | 45.00 | OK | |
| r-oldrel-macos-arm64 | 1.0 | NOTE | ||||
| r-oldrel-macos-x86_64 | 1.0 | 2.00 | 32.00 | 34.00 | NOTE | |
| r-oldrel-windows-x86_64 | 1.0 | 4.00 | 48.00 | 52.00 | NOTE |
Version: 1.0
Check: package dependencies
Result: NOTE
Package suggested but not available for checking: ‘rdt’
Flavors: r-oldrel-macos-arm64, r-oldrel-macos-x86_64, r-oldrel-windows-x86_64
Version: 1.0
Check: LazyData
Result: NOTE
'LazyData' is specified without a 'data' directory
Flavors: r-oldrel-macos-arm64, r-oldrel-macos-x86_64, r-oldrel-windows-x86_64