Last updated on 2025-10-25 01:51:13 CEST.
| Flavor | Version | Tinstall | Tcheck | Ttotal | Status | Flags |
|---|---|---|---|---|---|---|
| r-devel-linux-x86_64-debian-clang | 0.0.6 | 4.97 | 40.63 | 45.60 | NOTE | |
| r-devel-linux-x86_64-debian-gcc | 0.0.6 | 3.43 | 31.24 | 34.67 | NOTE | |
| r-devel-linux-x86_64-fedora-clang | 0.0.6 | 11.00 | 54.80 | 65.80 | OK | |
| r-devel-linux-x86_64-fedora-gcc | 0.0.6 | 15.00 | 49.08 | 64.08 | OK | |
| r-devel-windows-x86_64 | 0.0.6 | 6.00 | 53.00 | 59.00 | OK | |
| r-patched-linux-x86_64 | 0.0.6 | 4.89 | 36.14 | 41.03 | OK | |
| r-release-linux-x86_64 | 0.0.6 | 4.85 | 36.17 | 41.02 | OK | |
| r-release-macos-arm64 | 0.0.6 | 3.00 | 26.00 | 29.00 | OK | |
| r-release-macos-x86_64 | 0.0.6 | 4.00 | 39.00 | 43.00 | OK | |
| r-release-windows-x86_64 | 0.0.6 | 7.00 | 54.00 | 61.00 | OK | |
| r-oldrel-macos-arm64 | 0.0.6 | 3.00 | 25.00 | 28.00 | OK | |
| r-oldrel-macos-x86_64 | 0.0.6 | 4.00 | 30.00 | 34.00 | OK | |
| r-oldrel-windows-x86_64 | 0.0.6 | 8.00 | 60.00 | 68.00 | OK |
Version: 0.0.6
Check: CRAN incoming feasibility
Result: NOTE
Maintainer: ‘Dirk Eddelbuettel <edd@debian.org>’
No Authors@R field in DESCRIPTION.
Please add one, modifying
Authors@R: person(given = "Dirk",
family = "Eddelbuettel",
role = c("aut", "cre"),
email = "edd@debian.org")
as necessary.
Flavors: r-devel-linux-x86_64-debian-clang, r-devel-linux-x86_64-debian-gcc