Last updated on 2025-05-09 01:50:14 CEST.
Flavor | Version | Tinstall | Tcheck | Ttotal | Status | Flags |
---|---|---|---|---|---|---|
r-devel-linux-x86_64-debian-clang | 2.1.2 | 27.20 | 90.33 | 117.53 | OK | |
r-devel-linux-x86_64-debian-gcc | 2.1.2 | 22.48 | 69.52 | 92.00 | OK | |
r-devel-linux-x86_64-fedora-clang | 2.1.2 | 210.52 | OK | |||
r-devel-linux-x86_64-fedora-gcc | 2.1.2 | 221.47 | OK | |||
r-devel-windows-x86_64 | 2.1.2 | 36.00 | 189.00 | 225.00 | OK | |
r-patched-linux-x86_64 | 2.1.2 | 31.60 | 87.18 | 118.78 | OK | |
r-release-linux-x86_64 | 2.1.2 | 31.78 | 87.30 | 119.08 | OK | |
r-release-macos-arm64 | 2.1.2 | 110.00 | OK | |||
r-release-macos-x86_64 | 2.1.2 | 164.00 | OK | |||
r-release-windows-x86_64 | 2.1.2 | 36.00 | 188.00 | 224.00 | OK | |
r-oldrel-macos-arm64 | 2.1.2 | 105.00 | NOTE | |||
r-oldrel-macos-x86_64 | 2.1.2 | 167.00 | NOTE | |||
r-oldrel-windows-x86_64 | 2.1.2 | 42.00 | 204.00 | 246.00 | OK |
Version: 2.1.2
Check: installed package size
Result: NOTE
installed size is 5.2Mb
sub-directories of 1Mb or more:
doc 1.6Mb
libs 3.0Mb
Flavors: r-oldrel-macos-arm64, r-oldrel-macos-x86_64