Last updated on 2025-11-15 03:50:22 CET.
| Flavor | Version | Tinstall | Tcheck | Ttotal | Status | Flags |
|---|---|---|---|---|---|---|
| r-devel-linux-x86_64-debian-clang | 1.0.0 | 54.06 | 65.98 | 120.04 | OK | |
| r-devel-linux-x86_64-debian-gcc | 1.0.0 | 38.42 | 48.28 | 86.70 | OK | |
| r-devel-linux-x86_64-fedora-clang | 1.0.0 | 96.00 | 116.02 | 212.02 | OK | |
| r-devel-linux-x86_64-fedora-gcc | 1.0.0 | 130.00 | 74.79 | 204.79 | OK | |
| r-devel-windows-x86_64 | 1.0.0 | 68.00 | 91.00 | 159.00 | OK | |
| r-patched-linux-x86_64 | 1.0.0 | 56.74 | 63.73 | 120.47 | OK | |
| r-release-linux-x86_64 | 1.0.0 | 53.51 | 63.20 | 116.71 | OK | |
| r-release-macos-arm64 | 1.0.0 | 21.00 | 27.00 | 48.00 | OK | |
| r-release-macos-x86_64 | 1.0.0 | 32.00 | 44.00 | 76.00 | OK | |
| r-release-windows-x86_64 | 1.0.0 | 65.00 | 92.00 | 157.00 | OK | |
| r-oldrel-macos-arm64 | 1.0.0 | 24.00 | 34.00 | 58.00 | OK | |
| r-oldrel-macos-x86_64 | 1.0.0 | 32.00 | 56.00 | 88.00 | NOTE | |
| r-oldrel-windows-x86_64 | 1.0.0 | 78.00 | 115.00 | 193.00 | OK |
Version: 1.0.0
Check: installed package size
Result: NOTE
installed size is 5.0Mb
sub-directories of 1Mb or more:
libs 4.8Mb
Flavor: r-oldrel-macos-x86_64