Last updated on 2025-02-21 02:52:21 CET.
Flavor | Version | Tinstall | Tcheck | Ttotal | Status | Flags |
---|---|---|---|---|---|---|
r-devel-linux-x86_64-debian-clang | 1.0.0 | 55.25 | 52.22 | 107.47 | OK | |
r-devel-linux-x86_64-debian-gcc | 1.0.0 | 39.00 | 36.15 | 75.15 | OK | |
r-devel-linux-x86_64-fedora-clang | 1.0.0 | 191.90 | OK | |||
r-devel-linux-x86_64-fedora-gcc | 1.0.0 | 185.94 | OK | |||
r-devel-macos-arm64 | 1.0.0 | 47.00 | OK | |||
r-devel-macos-x86_64 | 1.0.0 | 76.00 | OK | |||
r-devel-windows-x86_64 | 1.0.0 | 56.00 | 87.00 | 143.00 | OK | |
r-patched-linux-x86_64 | 1.0.0 | 53.00 | 49.00 | 102.00 | OK | |
r-release-linux-x86_64 | 1.0.0 | 53.82 | 48.40 | 102.22 | OK | |
r-release-macos-arm64 | 1.0.0 | 58.00 | OK | |||
r-release-macos-x86_64 | 1.0.0 | 88.00 | NOTE | |||
r-release-windows-x86_64 | 1.0.0 | 58.00 | 85.00 | 143.00 | OK | |
r-oldrel-macos-x86_64 | 1.0.0 | 72.00 | NOTE | |||
r-oldrel-windows-x86_64 | 1.0.0 | 72.00 | 101.00 | 173.00 | OK |
Version: 1.0.0
Check: installed package size
Result: NOTE
installed size is 5.0Mb
sub-directories of 1Mb or more:
libs 4.8Mb
Flavors: r-release-macos-x86_64, r-oldrel-macos-x86_64