Last updated on 2025-05-01 01:49:42 CEST.
Flavor | Version | Tinstall | Tcheck | Ttotal | Status | Flags |
---|---|---|---|---|---|---|
r-devel-linux-x86_64-debian-clang | 0.6.1 | 6.39 | 68.52 | 74.91 | NOTE | |
r-devel-linux-x86_64-debian-gcc | 0.6.1 | 4.75 | 46.86 | 51.61 | NOTE | |
r-devel-linux-x86_64-fedora-clang | 0.6.1 | 118.54 | NOTE | |||
r-devel-linux-x86_64-fedora-gcc | 0.6.1 | 134.78 | NOTE | |||
r-devel-windows-x86_64 | 0.6.1 | 7.00 | 100.00 | 107.00 | NOTE | --no-vignettes |
r-patched-linux-x86_64 | 0.6.1 | 5.92 | 60.33 | 66.25 | NOTE | |
r-release-linux-x86_64 | 0.6.1 | 5.59 | 60.42 | 66.01 | NOTE | |
r-release-macos-arm64 | 0.6.1 | 55.00 | NOTE | |||
r-release-macos-x86_64 | 0.6.1 | 99.00 | NOTE | |||
r-release-windows-x86_64 | 0.6.1 | 9.00 | 103.00 | 112.00 | NOTE | --no-vignettes |
r-oldrel-macos-arm64 | 0.6.1 | 41.00 | NOTE | |||
r-oldrel-macos-x86_64 | 0.6.1 | 86.00 | NOTE | |||
r-oldrel-windows-x86_64 | 0.6.1 | 9.00 | 101.00 | 110.00 | NOTE | --no-vignettes |
Version: 0.6.1
Check: Rd files
Result: NOTE
checkRd: (-1) dprime.Rd:37: Lost braces in \itemize; \value handles \item{}{} directly
checkRd: (-1) dprime.Rd:38: Lost braces in \itemize; \value handles \item{}{} directly
checkRd: (-1) dprime.Rd:39: Lost braces in \itemize; \value handles \item{}{} directly
checkRd: (-1) dprime.Rd:40: Lost braces in \itemize; \value handles \item{}{} directly
checkRd: (-1) dprime.Rd:41: Lost braces in \itemize; \value handles \item{}{} directly
Flavors: r-devel-linux-x86_64-debian-clang, r-devel-linux-x86_64-debian-gcc, r-devel-linux-x86_64-fedora-clang, r-devel-linux-x86_64-fedora-gcc, r-patched-linux-x86_64, r-release-linux-x86_64, r-release-macos-arm64, r-release-macos-x86_64, r-oldrel-macos-arm64, r-oldrel-macos-x86_64
Version: 0.6.1
Flags: --no-vignettes
Check: Rd files
Result: NOTE
checkRd: (-1) dprime.Rd:37: Lost braces in \itemize; \value handles \item{}{} directly
checkRd: (-1) dprime.Rd:38: Lost braces in \itemize; \value handles \item{}{} directly
checkRd: (-1) dprime.Rd:39: Lost braces in \itemize; \value handles \item{}{} directly
checkRd: (-1) dprime.Rd:40: Lost braces in \itemize; \value handles \item{}{} directly
checkRd: (-1) dprime.Rd:41: Lost braces in \itemize; \value handles \item{}{} directly
Flavors: r-devel-windows-x86_64, r-release-windows-x86_64, r-oldrel-windows-x86_64