CRAN Package Check Results for Package qVarSel

Last updated on 2025-05-01 01:49:43 CEST.

Flavor Version Tinstall Tcheck Ttotal Status Flags
r-devel-linux-x86_64-debian-clang 1.2 11.04 26.57 37.61 NOTE
r-devel-linux-x86_64-debian-gcc 1.2 7.98 20.84 28.82 OK
r-devel-linux-x86_64-fedora-clang 1.2 67.35 OK
r-devel-linux-x86_64-fedora-gcc 1.2 60.41 OK
r-devel-windows-x86_64 1.2 13.00 64.00 77.00 OK
r-patched-linux-x86_64 1.2 12.09 25.51 37.60 OK
r-release-linux-x86_64 1.2 10.49 24.93 35.42 OK
r-release-macos-arm64 1.2 24.00 OK
r-release-macos-x86_64 1.2 38.00 OK
r-release-windows-x86_64 1.2 13.00 71.00 84.00 OK
r-oldrel-macos-arm64 1.2 27.00 OK
r-oldrel-macos-x86_64 1.2 40.00 OK
r-oldrel-windows-x86_64 1.2 13.00 71.00 84.00 OK

Check Details

Version: 1.2
Check: examples
Result: NOTE Examples with CPU (user + system) or elapsed time > 5s user system elapsed qVarSelLP 3.686 0.081 6.385 Flavor: r-devel-linux-x86_64-debian-clang