Last updated on 2025-02-10 02:50:01 CET.
Flavor | Version | Tinstall | Tcheck | Ttotal | Status | Flags |
---|---|---|---|---|---|---|
r-devel-linux-x86_64-debian-clang | 1.1.6 | 89.79 | 109.63 | 199.42 | OK | |
r-devel-linux-x86_64-debian-gcc | 1.1.6 | 58.28 | 71.46 | 129.74 | OK | |
r-devel-linux-x86_64-fedora-clang | 1.1.6 | 336.72 | OK | |||
r-devel-linux-x86_64-fedora-gcc | 1.1.6 | 340.77 | OK | |||
r-devel-windows-x86_64 | 1.1.6 | 85.00 | 139.00 | 224.00 | OK | |
r-patched-linux-x86_64 | 1.1.6 | 86.87 | 101.13 | 188.00 | OK | |
r-release-linux-x86_64 | 1.1.6 | 84.71 | 100.85 | 185.56 | OK | |
r-release-macos-arm64 | 1.1.6 | 74.00 | NOTE | |||
r-release-macos-x86_64 | 1.1.6 | 134.00 | NOTE | |||
r-release-windows-x86_64 | 1.1.6 | 83.00 | 142.00 | 225.00 | OK | |
r-oldrel-macos-arm64 | 1.1.6 | 71.00 | NOTE | |||
r-oldrel-macos-x86_64 | 1.1.6 | 165.00 | NOTE | |||
r-oldrel-windows-x86_64 | 1.1.6 | 103.00 | 174.00 | 277.00 | OK |
Version: 1.1.6
Check: installed package size
Result: NOTE
installed size is 5.8Mb
sub-directories of 1Mb or more:
libs 4.8Mb
Flavors: r-release-macos-arm64, r-release-macos-x86_64, r-oldrel-macos-arm64, r-oldrel-macos-x86_64