Last updated on 2025-10-26 01:49:58 CEST.
| Flavor | Version | Tinstall | Tcheck | Ttotal | Status | Flags |
|---|---|---|---|---|---|---|
| r-devel-linux-x86_64-debian-clang | 1.19 | 13.96 | 61.85 | 75.81 | NOTE | |
| r-devel-linux-x86_64-debian-gcc | 1.19 | 8.11 | 42.87 | 50.98 | NOTE | |
| r-devel-linux-x86_64-fedora-clang | 1.19 | 53.00 | 66.07 | 119.07 | NOTE | |
| r-devel-linux-x86_64-fedora-gcc | 1.19 | 35.00 | 77.45 | 112.45 | NOTE | |
| r-devel-windows-x86_64 | 1.19 | 14.00 | 90.00 | 104.00 | NOTE | |
| r-patched-linux-x86_64 | 1.19 | 14.74 | 58.53 | 73.27 | NOTE | |
| r-release-linux-x86_64 | 1.19 | 13.86 | 58.68 | 72.54 | NOTE | |
| r-release-macos-arm64 | 1.19 | 6.00 | 29.00 | 35.00 | NOTE | |
| r-release-macos-x86_64 | 1.19 | 13.00 | 65.00 | 78.00 | NOTE | |
| r-release-windows-x86_64 | 1.19 | 14.00 | 89.00 | 103.00 | NOTE | |
| r-oldrel-macos-arm64 | 1.19 | 6.00 | 30.00 | 36.00 | NOTE | |
| r-oldrel-macos-x86_64 | 1.19 | 9.00 | 53.00 | 62.00 | NOTE | |
| r-oldrel-windows-x86_64 | 1.19 | 19.00 | 96.00 | 115.00 | NOTE |
Version: 1.19
Check: package subdirectories
Result: NOTE
Problems with news in ‘NEWS.md’:
No news entries found.
Flavors: r-devel-linux-x86_64-debian-clang, r-devel-linux-x86_64-debian-gcc, r-devel-linux-x86_64-fedora-clang, r-devel-linux-x86_64-fedora-gcc, r-devel-windows-x86_64, r-patched-linux-x86_64, r-release-linux-x86_64, r-release-macos-arm64, r-release-macos-x86_64, r-release-windows-x86_64, r-oldrel-macos-arm64, r-oldrel-macos-x86_64, r-oldrel-windows-x86_64