Last updated on 2025-11-15 02:53:11 CET.
| Flavor | Version | Tinstall | Tcheck | Ttotal | Status | Flags |
|---|---|---|---|---|---|---|
| r-devel-linux-x86_64-debian-clang | 0.0.17 | 135.06 | 27.71 | 162.77 | OK | |
| r-devel-linux-x86_64-debian-gcc | 0.0.17 | 85.43 | 22.62 | 108.05 | OK | |
| r-devel-linux-x86_64-fedora-clang | 0.0.17 | 387.00 | -39.42 | 347.58 | OK | |
| r-devel-linux-x86_64-fedora-gcc | 0.0.17 | 303.00 | -26.74 | 276.26 | OK | |
| r-devel-windows-x86_64 | 0.0.17 | 211.00 | 68.00 | 279.00 | OK | |
| r-patched-linux-x86_64 | 0.0.17 | 128.88 | 25.43 | 154.31 | OK | |
| r-release-linux-x86_64 | 0.0.17 | 124.17 | 25.42 | 149.59 | OK | |
| r-release-macos-arm64 | 0.0.17 | 47.00 | 16.00 | 63.00 | OK | |
| r-release-macos-x86_64 | 0.0.17 | 57.00 | 28.00 | 85.00 | OK | |
| r-release-windows-x86_64 | 0.0.17 | 169.00 | 70.00 | 239.00 | OK | |
| r-oldrel-macos-arm64 | 0.0.17 | 45.00 | 23.00 | 68.00 | NOTE | |
| r-oldrel-macos-x86_64 | 0.0.17 | 40.00 | 43.00 | 83.00 | NOTE | |
| r-oldrel-windows-x86_64 | 0.0.17 | 163.00 | 81.00 | 244.00 | OK |
Version: 0.0.17
Check: installed package size
Result: NOTE
installed size is 7.8Mb
sub-directories of 1Mb or more:
libs 7.6Mb
Flavors: r-oldrel-macos-arm64, r-oldrel-macos-x86_64