Last updated on 2025-04-30 01:50:32 CEST.
Flavor | Version | Tinstall | Tcheck | Ttotal | Status | Flags |
---|---|---|---|---|---|---|
r-devel-linux-x86_64-debian-clang | 1.1.2 | 17.41 | 58.56 | 75.97 | NOTE | |
r-devel-linux-x86_64-debian-gcc | 1.1.2 | 13.53 | 41.34 | 54.87 | NOTE | |
r-devel-linux-x86_64-fedora-clang | 1.1.2 | 116.76 | OK | |||
r-devel-linux-x86_64-fedora-gcc | 1.1.2 | 115.19 | OK | |||
r-devel-windows-x86_64 | 1.1.2 | 21.00 | 98.00 | 119.00 | OK | |
r-patched-linux-x86_64 | 1.1.2 | 17.90 | 56.06 | 73.96 | OK | |
r-release-linux-x86_64 | 1.1.2 | 18.57 | 55.63 | 74.20 | OK | |
r-release-macos-arm64 | 1.1.2 | 36.00 | OK | |||
r-release-macos-x86_64 | 1.1.2 | 59.00 | OK | |||
r-release-windows-x86_64 | 1.1.2 | 21.00 | 92.00 | 113.00 | OK | |
r-oldrel-macos-arm64 | 1.1.2 | 35.00 | OK | |||
r-oldrel-macos-x86_64 | 1.1.2 | 60.00 | OK | |||
r-oldrel-windows-x86_64 | 1.1.2 | 28.00 | 108.00 | 136.00 | OK |
Version: 1.1.2
Check: examples
Result: NOTE
Examples with CPU (user + system) or elapsed time > 5s
user system elapsed
qmd 6.119 0.049 9.039
Flavor: r-devel-linux-x86_64-debian-clang
Version: 1.1.2
Check: examples
Result: NOTE
Examples with CPU (user + system) or elapsed time > 5s
user system elapsed
qmd 3.892 0.046 5.076
Flavor: r-devel-linux-x86_64-debian-gcc