Last updated on 2025-11-01 01:50:40 CET.
| Flavor | Version | Tinstall | Tcheck | Ttotal | Status | Flags | 
|---|---|---|---|---|---|---|
| r-devel-linux-x86_64-debian-clang | 1.0.0 | 2.39 | 20.95 | 23.34 | NOTE | |
| r-devel-linux-x86_64-debian-gcc | 1.0.0 | 1.70 | 16.85 | 18.55 | NOTE | |
| r-devel-linux-x86_64-fedora-clang | 1.0.0 | 35.54 | OK | |||
| r-devel-linux-x86_64-fedora-gcc | 1.0.0 | 32.67 | OK | |||
| r-devel-windows-x86_64 | 1.0.0 | 4.00 | 39.00 | 43.00 | OK | |
| r-patched-linux-x86_64 | 1.0.0 | 1.66 | 19.88 | 21.54 | OK | |
| r-release-linux-x86_64 | 1.0.0 | 1.70 | 19.90 | 21.60 | OK | |
| r-release-macos-arm64 | 1.0.0 | 1.00 | 16.00 | 17.00 | OK | |
| r-release-macos-x86_64 | 1.0.0 | 2.00 | 23.00 | 25.00 | OK | |
| r-release-windows-x86_64 | 1.0.0 | 5.00 | 40.00 | 45.00 | OK | |
| r-oldrel-macos-arm64 | 1.0.0 | 1.00 | 14.00 | 15.00 | OK | |
| r-oldrel-macos-x86_64 | 1.0.0 | 2.00 | 20.00 | 22.00 | OK | |
| r-oldrel-windows-x86_64 | 1.0.0 | 7.00 | 48.00 | 55.00 | OK | 
Version: 1.0.0
Check: CRAN incoming feasibility
Result: NOTE
  Maintainer: ‘Robert Stine  <stine@upenn.edu>’
  
  No Authors@R field in DESCRIPTION.
  Please add one, modifying
    Authors@R: person(given = "Robert",
                      family = "Stine",
                      role = c("aut", "cre"),
                      email = "stine@upenn.edu")
  as necessary.
Flavors: r-devel-linux-x86_64-debian-clang, r-devel-linux-x86_64-debian-gcc