CRAN Package Check Results for Package qrcmNP

Last updated on 2025-05-01 01:49:43 CEST.

Flavor Version Tinstall Tcheck Ttotal Status Flags
r-devel-linux-x86_64-debian-clang 0.2.1 15.61 126.09 141.70 NOTE
r-devel-linux-x86_64-debian-gcc 0.2.1 9.48 88.76 98.24 NOTE
r-devel-linux-x86_64-fedora-clang 0.2.1 213.47 OK
r-devel-linux-x86_64-fedora-gcc 0.2.1 204.78 OK
r-devel-windows-x86_64 0.2.1 14.00 129.00 143.00 NOTE
r-patched-linux-x86_64 0.2.1 13.62 120.77 134.39 NOTE
r-release-linux-x86_64 0.2.1 11.90 118.03 129.93 NOTE
r-release-macos-arm64 0.2.1 58.00 OK
r-release-macos-x86_64 0.2.1 105.00 OK
r-release-windows-x86_64 0.2.1 15.00 136.00 151.00 NOTE
r-oldrel-macos-arm64 0.2.1 57.00 OK
r-oldrel-macos-x86_64 0.2.1 101.00 OK
r-oldrel-windows-x86_64 0.2.1 20.00 159.00 179.00 OK

Check Details

Version: 0.2.1
Check: CRAN incoming feasibility
Result: NOTE Maintainer: ‘Gianluca Sottile <gianluca.sottile@unipa.it>’ No Authors@R field in DESCRIPTION. Please add one, modifying Authors@R: person(given = "Gianluca", family = "Sottile", role = c("aut", "cre"), email = "gianluca.sottile@unipa.it") as necessary. Flavors: r-devel-linux-x86_64-debian-clang, r-devel-linux-x86_64-debian-gcc

Version: 0.2.1
Check: Rd cross-references
Result: NOTE Found the following Rd file(s) with Rd \link{} targets missing package anchors: piqr.Rd: slp, iqr, summary.iqr, test.fit predict.piqr.Rd: predict.iqr summary.piqr.Rd: summary.iqr Please provide package anchors for all Rd \link{} targets not in the package itself and the base packages. Flavors: r-devel-linux-x86_64-debian-clang, r-devel-linux-x86_64-debian-gcc, r-devel-windows-x86_64, r-patched-linux-x86_64, r-release-linux-x86_64, r-release-windows-x86_64