Last updated on 2025-10-25 01:51:13 CEST.
| Flavor | Version | Tinstall | Tcheck | Ttotal | Status | Flags |
|---|---|---|---|---|---|---|
| r-devel-linux-x86_64-debian-clang | 0.27.3 | 37.46 | 416.84 | 454.30 | NOTE | |
| r-devel-linux-x86_64-debian-gcc | 0.27.3 | 36.87 | 348.98 | 385.85 | NOTE | |
| r-devel-linux-x86_64-fedora-clang | 0.27.3 | 76.00 | 534.10 | 610.10 | NOTE | |
| r-devel-linux-x86_64-fedora-gcc | 0.27.3 | 138.00 | 528.64 | 666.64 | NOTE | |
| r-devel-windows-x86_64 | 0.27.3 | 106.00 | 381.00 | 487.00 | NOTE | |
| r-patched-linux-x86_64 | 0.27.3 | 48.69 | 397.16 | 445.85 | NOTE | |
| r-release-linux-x86_64 | 0.27.3 | 50.64 | 405.69 | 456.33 | NOTE | |
| r-release-macos-arm64 | 0.27.3 | 26.00 | 267.00 | 293.00 | NOTE | |
| r-release-macos-x86_64 | 0.27.3 | 63.00 | 460.00 | 523.00 | NOTE | |
| r-release-windows-x86_64 | 0.27.3 | 108.00 | 395.00 | 503.00 | NOTE | |
| r-oldrel-macos-arm64 | 0.27.3 | 20.00 | 200.00 | 220.00 | NOTE | |
| r-oldrel-macos-x86_64 | 0.27.3 | 32.00 | 358.00 | 390.00 | NOTE | |
| r-oldrel-windows-x86_64 | 0.27.3 | 133.00 | 522.00 | 655.00 | OK |
Version: 0.27.3
Check: compiled code
Result: NOTE
File ‘qs/libs/qs.so’:
Found non-API calls to R: ‘CLOENV’, ‘ENCLOS’, ‘FRAME’, ‘HASHTAB’,
‘IS_S4_OBJECT’, ‘LEVELS’, ‘OBJECT’, ‘PRENV’, ‘Rf_allocSExp’,
‘SETLEVELS’, ‘SET_CLOENV’, ‘SET_ENCLOS’, ‘SET_FRAME’,
‘SET_HASHTAB’, ‘SET_PRENV’, ‘SET_S4_OBJECT’, ‘SET_TRUELENGTH’
Compiled code should not call non-API entry points in R.
See ‘Writing portable packages’ in the ‘Writing R Extensions’ manual,
and section ‘Moving into C API compliance’ for issues with the use of
non-API entry points.
Flavors: r-devel-linux-x86_64-debian-clang, r-devel-linux-x86_64-debian-gcc, r-devel-linux-x86_64-fedora-clang, r-devel-linux-x86_64-fedora-gcc, r-patched-linux-x86_64, r-release-linux-x86_64, r-release-macos-arm64, r-release-macos-x86_64
Version: 0.27.3
Check: compiled code
Result: NOTE
File 'qs/libs/x64/qs.dll':
Found non-API calls to R: 'CLOENV', 'ENCLOS', 'FRAME', 'HASHTAB',
'IS_S4_OBJECT', 'LEVELS', 'OBJECT', 'PRENV', 'Rf_allocSExp',
'SETLEVELS', 'SET_CLOENV', 'SET_ENCLOS', 'SET_FRAME',
'SET_HASHTAB', 'SET_PRENV', 'SET_S4_OBJECT', 'SET_TRUELENGTH'
Compiled code should not call non-API entry points in R.
See 'Writing portable packages' in the 'Writing R Extensions' manual,
and section 'Moving into C API compliance' for issues with the use of
non-API entry points.
Flavors: r-devel-windows-x86_64, r-release-windows-x86_64
Version: 0.27.3
Check: installed package size
Result: NOTE
installed size is 9.2Mb
sub-directories of 1Mb or more:
doc 1.1Mb
libs 7.8Mb
Flavors: r-oldrel-macos-arm64, r-oldrel-macos-x86_64