Last updated on 2025-05-09 01:50:15 CEST.
Flavor | Version | Tinstall | Tcheck | Ttotal | Status | Flags |
---|---|---|---|---|---|---|
r-devel-linux-x86_64-debian-clang | 2.0.2.4.0 | 4.55 | 24.74 | 29.29 | NOTE | |
r-devel-linux-x86_64-debian-gcc | 2.0.2.4.0 | 2.30 | 20.63 | 22.93 | NOTE | |
r-devel-linux-x86_64-fedora-clang | 2.0.2.4.0 | 47.30 | NOTE | |||
r-devel-linux-x86_64-fedora-gcc | 2.0.2.4.0 | 59.43 | NOTE | |||
r-devel-windows-x86_64 | 2.0.2.4.0 | 7.00 | 52.00 | 59.00 | OK | |
r-patched-linux-x86_64 | 2.0.2.4.0 | 4.61 | 23.75 | 28.36 | OK | |
r-release-linux-x86_64 | 2.0.2.4.0 | 3.78 | 24.03 | 27.81 | OK | |
r-release-macos-arm64 | 2.0.2.4.0 | 31.00 | OK | |||
r-release-macos-x86_64 | 2.0.2.4.0 | 44.00 | OK | |||
r-release-windows-x86_64 | 2.0.2.4.0 | 7.00 | 68.00 | 75.00 | OK | |
r-oldrel-macos-arm64 | 2.0.2.4.0 | 24.00 | OK | |||
r-oldrel-macos-x86_64 | 2.0.2.4.0 | 63.00 | OK | |||
r-oldrel-windows-x86_64 | 2.0.2.4.0 | 8.00 | 55.00 | 63.00 | OK |
Version: 2.0.2.4.0
Check: CRAN incoming feasibility
Result: NOTE
Maintainer: ‘Obinna Obianom <idonshayo@gmail.com>’
The BugReports field in DESCRIPTION has
https://github.com/oobianom/r2country
which should likely be
https://github.com/oobianom/r2country/issues
instead.
Flavors: r-devel-linux-x86_64-debian-clang, r-devel-linux-x86_64-debian-gcc
Version: 2.0.2.4.0
Check: dependencies in R code
Result: NOTE
Namespaces in Imports field not imported from:
‘quickcode’ ‘stats’ ‘utils’
All declared Imports should be used.
Flavors: r-devel-linux-x86_64-fedora-clang, r-devel-linux-x86_64-fedora-gcc