Last updated on 2025-10-25 01:51:13 CEST.
| Flavor | Version | Tinstall | Tcheck | Ttotal | Status | Flags |
|---|---|---|---|---|---|---|
| r-devel-linux-x86_64-debian-clang | 0.3.8 | 10.88 | 93.73 | 104.61 | OK | |
| r-devel-linux-x86_64-debian-gcc | 0.3.8 | 6.76 | 68.75 | 75.51 | OK | |
| r-devel-linux-x86_64-fedora-clang | 0.3.8 | 24.00 | 138.50 | 162.50 | OK | |
| r-devel-linux-x86_64-fedora-gcc | 0.3.8 | 42.00 | 123.24 | 165.24 | OK | |
| r-devel-windows-x86_64 | 0.3.8 | 12.00 | 99.00 | 111.00 | OK | |
| r-patched-linux-x86_64 | 0.3.8 | 11.02 | 89.75 | 100.77 | OK | |
| r-release-linux-x86_64 | 0.3.8 | 9.16 | 90.08 | 99.24 | OK | |
| r-release-macos-arm64 | 0.3.8 | 4.00 | 38.00 | 42.00 | OK | |
| r-release-macos-x86_64 | 0.3.8 | 9.00 | 91.00 | 100.00 | OK | |
| r-release-windows-x86_64 | 0.3.8 | 13.00 | 99.00 | 112.00 | OK | |
| r-oldrel-macos-arm64 | 0.3.8 | 5.00 | 45.00 | 50.00 | NOTE | |
| r-oldrel-macos-x86_64 | 0.3.8 | 10.00 | 85.00 | 95.00 | NOTE | |
| r-oldrel-windows-x86_64 | 0.3.8 | 17.00 | 127.00 | 144.00 | NOTE |
Version: 0.3.8
Check: package dependencies
Result: NOTE
Package suggested but not available for checking: ‘bootmlm’
Flavors: r-oldrel-macos-arm64, r-oldrel-macos-x86_64, r-oldrel-windows-x86_64