Last updated on 2024-05-21 02:02:15 CEST.
Flavor | Version | Tinstall | Tcheck | Ttotal | Status | Flags |
---|---|---|---|---|---|---|
r-devel-linux-x86_64-debian-clang | 1.1.1 | 1.69 | 30.88 | 32.57 | NOTE | |
r-devel-linux-x86_64-debian-gcc | 1.1.1 | 1.93 | 23.73 | 25.66 | NOTE | |
r-devel-linux-x86_64-fedora-clang | 1.1.1 | 43.62 | NOTE | |||
r-devel-linux-x86_64-fedora-gcc | 1.1.1 | 39.57 | NOTE | |||
r-devel-windows-x86_64 | 1.1.1 | 3.00 | 46.00 | 49.00 | OK | |
r-patched-linux-x86_64 | 1.1.1 | 2.66 | 29.94 | 32.60 | NOTE | |
r-release-linux-x86_64 | 1.1.1 | 2.14 | 29.15 | 31.29 | NOTE | |
r-release-macos-arm64 | 1.1.1 | 17.00 | OK | |||
r-release-windows-x86_64 | 1.1.1 | 4.00 | 46.00 | 50.00 | OK | |
r-oldrel-macos-arm64 | 1.1.1 | 16.00 | OK | |||
r-oldrel-macos-x86_64 | 1.1.1 | 23.00 | OK | |||
r-oldrel-windows-x86_64 | 1.1.1 | 3.00 | 49.00 | 52.00 | OK |
Version: 1.1.1
Check: for non-standard things in the check directory
Result: NOTE
Found the following files/directories:
‘outcmaesdisp.dat’
Flavors: r-devel-linux-x86_64-debian-clang, r-devel-linux-x86_64-debian-gcc, r-devel-linux-x86_64-fedora-clang, r-devel-linux-x86_64-fedora-gcc, r-patched-linux-x86_64, r-release-linux-x86_64