Last updated on 2025-05-02 01:52:22 CEST.
Flavor | Version | Tinstall | Tcheck | Ttotal | Status | Flags |
---|---|---|---|---|---|---|
r-devel-linux-x86_64-debian-clang | 1.0.5 | 24.82 | 198.29 | 223.11 | NOTE | |
r-devel-linux-x86_64-debian-gcc | 1.0.5 | 14.51 | 122.28 | 136.79 | OK | |
r-devel-linux-x86_64-fedora-clang | 1.0.5 | 370.13 | OK | |||
r-devel-linux-x86_64-fedora-gcc | 1.0.5 | 332.72 | OK | |||
r-devel-windows-x86_64 | 1.0.5 | 20.00 | 170.00 | 190.00 | OK | |
r-patched-linux-x86_64 | 1.0.5 | 18.76 | 185.77 | 204.53 | OK | |
r-release-linux-x86_64 | OK | |||||
r-release-macos-arm64 | 1.0.5 | 78.00 | OK | |||
r-release-macos-x86_64 | 1.0.5 | 181.00 | OK | |||
r-release-windows-x86_64 | 1.0.5 | 19.00 | 169.00 | 188.00 | OK | |
r-oldrel-macos-arm64 | 1.0.5 | 69.00 | OK | |||
r-oldrel-macos-x86_64 | 1.0.5 | 119.00 | OK | |||
r-oldrel-windows-x86_64 | 1.0.5 | 28.00 | 209.00 | 237.00 | OK |
Version: 1.0.5
Check: examples
Result: NOTE
Examples with CPU (user + system) or elapsed time > 5s
user system elapsed
borderPoint 6.605 0.103 7.694
Flavor: r-devel-linux-x86_64-debian-clang