CRAN Package Check Results for Package randomcoloR

Last updated on 2025-02-20 01:50:44 CET.

Flavor Version Tinstall Tcheck Ttotal Status Flags
r-devel-linux-x86_64-debian-clang 1.1.0.1 3.39 33.95 37.34 OK
r-devel-linux-x86_64-debian-gcc 1.1.0.1 2.73 27.35 30.08 OK
r-devel-linux-x86_64-fedora-clang 1.1.0.1 57.13 OK
r-devel-linux-x86_64-fedora-gcc 1.1.0.1 56.31 OK
r-devel-macos-arm64 1.1.0.1 27.00 OK
r-devel-macos-x86_64 1.1.0.1 45.00 OK
r-devel-windows-x86_64 1.1.0.1 5.00 57.00 62.00 OK
r-patched-linux-x86_64 1.1.0.1 3.08 32.38 35.46 NOTE
r-release-linux-x86_64 1.1.0.1 3.32 32.28 35.60 NOTE
r-release-macos-arm64 1.1.0.1 20.00 NOTE
r-release-macos-x86_64 1.1.0.1 32.00 NOTE
r-release-windows-x86_64 1.1.0.1 5.00 58.00 63.00 NOTE
r-oldrel-macos-arm64 1.1.0.1 23.00 NOTE
r-oldrel-macos-x86_64 1.1.0.1 38.00 NOTE
r-oldrel-windows-x86_64 1.1.0.1 6.00 69.00 75.00 NOTE

Check Details

Version: 1.1.0.1
Check: LazyData
Result: NOTE 'LazyData' is specified without a 'data' directory Flavors: r-patched-linux-x86_64, r-release-linux-x86_64, r-release-macos-arm64, r-release-macos-x86_64, r-release-windows-x86_64, r-oldrel-macos-arm64, r-oldrel-macos-x86_64, r-oldrel-windows-x86_64