Last updated on 2025-02-05 02:48:58 CET.
Flavor | Version | Tinstall | Tcheck | Ttotal | Status | Flags |
---|---|---|---|---|---|---|
r-devel-linux-x86_64-debian-clang | 1.1.0 | 6.74 | 57.39 | 64.13 | NOTE | |
r-devel-linux-x86_64-debian-gcc | 1.1.0 | 4.83 | 42.52 | 47.35 | NOTE | |
r-devel-linux-x86_64-fedora-clang | 1.1.0 | 106.09 | OK | |||
r-devel-linux-x86_64-fedora-gcc | 1.1.0 | 95.41 | OK | |||
r-devel-windows-x86_64 | 1.1.0 | 7.00 | 88.00 | 95.00 | NOTE | |
r-patched-linux-x86_64 | 1.1.0 | 6.31 | 54.06 | 60.37 | OK | |
r-release-linux-x86_64 | 1.1.0 | 5.04 | 53.33 | 58.37 | OK | |
r-release-macos-arm64 | 1.1.0 | 31.00 | OK | |||
r-release-macos-x86_64 | 1.1.0 | 46.00 | OK | |||
r-release-windows-x86_64 | 1.1.0 | 7.00 | 77.00 | 84.00 | OK | |
r-oldrel-macos-arm64 | 1.1.0 | 34.00 | OK | |||
r-oldrel-macos-x86_64 | 1.1.0 | 55.00 | OK | |||
r-oldrel-windows-x86_64 | 1.1.0 | 9.00 | 87.00 | 96.00 | OK |
Version: 1.1.0
Check: Rd cross-references
Result: NOTE
Found the following Rd file(s) with Rd \link{} targets missing package
anchors:
rankhazard-package.Rd: coxph
rankhazardplot.Rd: coxph, predict.coxph, pspline
Please provide package anchors for all Rd \link{} targets not in the
package itself and the base packages.
Flavors: r-devel-linux-x86_64-debian-clang, r-devel-linux-x86_64-debian-gcc, r-devel-windows-x86_64