Last updated on 2025-05-04 02:50:15 CEST.
Flavor | Version | Tinstall | Tcheck | Ttotal | Status | Flags |
---|---|---|---|---|---|---|
r-devel-linux-x86_64-debian-clang | 0.3.3 | 58.46 | 60.86 | 119.32 | OK | |
r-devel-linux-x86_64-debian-gcc | 0.3.3 | 43.42 | 43.69 | 87.11 | OK | |
r-devel-linux-x86_64-fedora-clang | 0.3.3 | 266.59 | OK | |||
r-devel-linux-x86_64-fedora-gcc | 0.3.3 | 251.05 | OK | |||
r-devel-windows-x86_64 | 0.3.3 | 90.00 | 107.00 | 197.00 | OK | |
r-patched-linux-x86_64 | 0.3.3 | 61.13 | 56.20 | 117.33 | OK | |
r-release-linux-x86_64 | OK | |||||
r-release-macos-arm64 | 0.3.3 | 61.00 | WARN | |||
r-release-macos-x86_64 | 0.3.3 | 147.00 | OK | |||
r-release-windows-x86_64 | 0.3.3 | 96.00 | 96.00 | 192.00 | OK | |
r-oldrel-macos-arm64 | 0.3.3 | 65.00 | NOTE | |||
r-oldrel-macos-x86_64 | 0.3.3 | 145.00 | NOTE | |||
r-oldrel-windows-x86_64 | 0.3.3 | 106.00 | 125.00 | 231.00 | OK |
Version: 0.3.3
Check: compiled code
Result: WARN
File ‘rbedrock/libs/rbedrock.so’:
Found ‘_abort’, possibly from ‘abort’ (C)
Object: ‘vendor/leveldb-mcpe/build/libleveldb.a’
Compiled code should not call entry points which might terminate R nor
write to stdout/stderr instead of to the console, nor use Fortran I/O
nor system RNGs nor [v]sprintf.
See ‘Writing portable packages’ in the ‘Writing R Extensions’ manual.
Flavor: r-release-macos-arm64
Version: 0.3.3
Check: installed package size
Result: NOTE
installed size is 5.4Mb
sub-directories of 1Mb or more:
extdata 1.1Mb
libs 3.8Mb
Flavors: r-oldrel-macos-arm64, r-oldrel-macos-x86_64
Version: 0.3.3
Check: for GNU extensions in Makefiles
Result: NOTE
GNU make is a SystemRequirements.
Flavors: r-oldrel-macos-arm64, r-oldrel-macos-x86_64