Last updated on 2025-11-11 02:50:50 CET.
| Flavor | Version | Tinstall | Tcheck | Ttotal | Status | Flags |
|---|---|---|---|---|---|---|
| r-devel-linux-x86_64-debian-clang | 0.9-6 | 5.70 | 40.84 | 46.54 | NOTE | |
| r-devel-linux-x86_64-debian-gcc | 0.9-6 | 3.41 | 29.24 | 32.65 | NOTE | |
| r-devel-linux-x86_64-fedora-clang | 0.9-6 | 11.00 | 58.20 | 69.20 | OK | |
| r-devel-linux-x86_64-fedora-gcc | 0.9-6 | 13.00 | 53.18 | 66.18 | OK | |
| r-devel-windows-x86_64 | 0.9-6 | 5.00 | 72.00 | 77.00 | OK | |
| r-patched-linux-x86_64 | 0.9-6 | 6.04 | 38.20 | 44.24 | OK | |
| r-release-linux-x86_64 | 0.9-6 | 5.11 | 37.87 | 42.98 | OK | |
| r-release-macos-arm64 | 0.9-6 | 3.00 | 22.00 | 25.00 | OK | |
| r-release-macos-x86_64 | 0.9-6 | 7.00 | 49.00 | 56.00 | OK | |
| r-release-windows-x86_64 | 0.9-6 | 6.00 | 67.00 | 73.00 | OK | |
| r-oldrel-macos-arm64 | 0.9-6 | 2.00 | 20.00 | 22.00 | OK | |
| r-oldrel-macos-x86_64 | 0.9-6 | 9.00 | 44.00 | 53.00 | OK | |
| r-oldrel-windows-x86_64 | 0.9-6 | 8.00 | 73.00 | 81.00 | OK |
Version: 0.9-6
Check: CRAN incoming feasibility
Result: NOTE
Maintainer: ‘Marco Scutari <scutari@bnlearn.com>’
No Authors@R field in DESCRIPTION.
Please add one, modifying
Authors@R: c(person(given = "Jean-Baptiste",
family = "Denis",
role = c("aut", "cre")),
person(given = "Marco",
family = "Scutari",
role = c("ctb", "cre"),
email = "scutari@bnlearn.com"))
as necessary.
Flavors: r-devel-linux-x86_64-debian-clang, r-devel-linux-x86_64-debian-gcc