Last updated on 2025-02-20 01:50:44 CET.
Flavor | Version | Tinstall | Tcheck | Ttotal | Status | Flags |
---|---|---|---|---|---|---|
r-devel-linux-x86_64-debian-clang | 1.8.8 | 2.87 | 29.90 | 32.77 | OK | |
r-devel-linux-x86_64-debian-gcc | 1.8.8 | 2.32 | 22.88 | 25.20 | OK | |
r-devel-linux-x86_64-fedora-clang | 1.8.8 | 54.29 | OK | |||
r-devel-linux-x86_64-fedora-gcc | 1.8.8 | 51.97 | OK | |||
r-devel-macos-arm64 | 1.8.8 | 21.00 | OK | |||
r-devel-macos-x86_64 | 1.8.8 | 35.00 | OK | |||
r-devel-windows-x86_64 | 1.8.8 | 4.00 | 61.00 | 65.00 | OK | |
r-patched-linux-x86_64 | 1.8.8 | 3.17 | 28.72 | 31.89 | NOTE | |
r-release-linux-x86_64 | 1.8.8 | 3.04 | 28.59 | 31.63 | NOTE | |
r-release-macos-arm64 | 1.8.8 | 21.00 | NOTE | |||
r-release-macos-x86_64 | 1.8.8 | 31.00 | NOTE | |||
r-release-windows-x86_64 | 1.8.8 | 4.00 | 55.00 | 59.00 | NOTE | |
r-oldrel-macos-arm64 | 1.8.8 | 21.00 | NOTE | |||
r-oldrel-macos-x86_64 | 1.8.8 | 29.00 | NOTE | |||
r-oldrel-windows-x86_64 | 1.8.8 | 5.00 | 55.00 | 60.00 | NOTE |
Version: 1.8.8
Check: package dependencies
Result: NOTE
Package suggested but not available for checking: ‘rrelaxiv’
Flavors: r-patched-linux-x86_64, r-release-linux-x86_64, r-release-macos-arm64, r-release-macos-x86_64, r-release-windows-x86_64, r-oldrel-macos-arm64, r-oldrel-macos-x86_64, r-oldrel-windows-x86_64