CRAN Package Check Results for Package rdi

Last updated on 2025-02-10 01:48:31 CET.

Flavor Version Tinstall Tcheck Ttotal Status Flags
r-devel-linux-x86_64-debian-clang 1.0.0 3.53 35.05 38.58 OK
r-devel-linux-x86_64-debian-gcc 1.0.0 2.68 26.45 29.13 OK
r-devel-linux-x86_64-fedora-clang 1.0.0 64.00 OK
r-devel-linux-x86_64-fedora-gcc 1.0.0 60.37 OK
r-devel-windows-x86_64 1.0.0 5.00 54.00 59.00 OK
r-patched-linux-x86_64 1.0.0 3.63 33.20 36.83 NOTE
r-release-linux-x86_64 1.0.0 3.10 33.82 36.92 NOTE
r-release-macos-arm64 1.0.0 19.00 NOTE
r-release-macos-x86_64 1.0.0 30.00 NOTE
r-release-windows-x86_64 1.0.0 6.00 55.00 61.00 NOTE
r-oldrel-macos-arm64 1.0.0 21.00 NOTE
r-oldrel-macos-x86_64 1.0.0 28.00 NOTE
r-oldrel-windows-x86_64 1.0.0 6.00 64.00 70.00 NOTE

Check Details

Version: 1.0.0
Check: LazyData
Result: NOTE 'LazyData' is specified without a 'data' directory Flavors: r-patched-linux-x86_64, r-release-linux-x86_64, r-release-macos-arm64, r-release-macos-x86_64, r-release-windows-x86_64, r-oldrel-macos-arm64, r-oldrel-macos-x86_64, r-oldrel-windows-x86_64