Last updated on 2025-10-25 01:51:14 CEST.
| Flavor | Version | Tinstall | Tcheck | Ttotal | Status | Flags |
|---|---|---|---|---|---|---|
| r-devel-linux-x86_64-debian-clang | 1.0.14 | 8.67 | 140.07 | 148.74 | NOTE | |
| r-devel-linux-x86_64-debian-gcc | 1.0.14 | 6.18 | 104.71 | 110.89 | NOTE | |
| r-devel-linux-x86_64-fedora-clang | 1.0.14 | 45.00 | 194.44 | 239.44 | NOTE | |
| r-devel-linux-x86_64-fedora-gcc | 1.0.14 | 36.00 | 186.88 | 222.88 | NOTE | |
| r-devel-windows-x86_64 | 1.0.14 | 16.00 | 140.00 | 156.00 | NOTE | |
| r-patched-linux-x86_64 | 1.0.14 | 7.76 | 134.77 | 142.53 | NOTE | |
| r-release-linux-x86_64 | 1.0.14 | 8.66 | 135.15 | 143.81 | NOTE | |
| r-release-macos-arm64 | 1.0.14 | 6.00 | 45.00 | 51.00 | NOTE | |
| r-release-macos-x86_64 | 1.0.14 | 17.00 | 137.00 | 154.00 | NOTE | |
| r-release-windows-x86_64 | 1.0.14 | 16.00 | 143.00 | 159.00 | NOTE | |
| r-oldrel-macos-arm64 | 1.0.14 | 7.00 | 71.00 | 78.00 | OK | |
| r-oldrel-macos-x86_64 | 1.0.14 | 10.00 | 100.00 | 110.00 | OK | |
| r-oldrel-windows-x86_64 | 1.0.14 | 18.00 | 185.00 | 203.00 | OK |
Version: 1.0.14
Check: DESCRIPTION meta-information
Result: NOTE
Missing dependency on R >= 4.1.0 because package code uses the pipe
|> or function shorthand \(...) syntax added in R 4.1.0.
File(s) using such syntax:
‘helpers-process-tracing.R’ ‘process_tracing_estimator.Rd’
Flavors: r-devel-linux-x86_64-debian-clang, r-devel-linux-x86_64-debian-gcc, r-devel-linux-x86_64-fedora-clang, r-devel-linux-x86_64-fedora-gcc, r-devel-windows-x86_64, r-patched-linux-x86_64, r-release-linux-x86_64, r-release-macos-arm64, r-release-windows-x86_64
Version: 1.0.14
Check: DESCRIPTION meta-information
Result: NOTE
Missing dependency on R >= 4.1.0 because package code uses the pipe
|> or function shorthand \(...) syntax added in R 4.1.0.
File(s) using such syntax:
‘helpers-process-tracing.R’
Flavor: r-release-macos-x86_64