Last updated on 2024-05-21 02:02:15 CEST.
Flavor | Version | Tinstall | Tcheck | Ttotal | Status | Flags |
---|---|---|---|---|---|---|
r-devel-linux-x86_64-debian-clang | 0.0.4 | 20.68 | 38.86 | 59.54 | NOTE | |
r-devel-linux-x86_64-debian-gcc | 0.0.4 | 16.62 | 29.28 | 45.90 | NOTE | |
r-devel-linux-x86_64-fedora-clang | 0.0.4 | 85.22 | NOTE | |||
r-devel-linux-x86_64-fedora-gcc | 0.0.4 | 87.88 | NOTE | |||
r-devel-windows-x86_64 | 0.0.4 | 18.00 | 78.00 | 96.00 | NOTE | |
r-patched-linux-x86_64 | 0.0.4 | 20.45 | 37.15 | 57.60 | OK | |
r-release-linux-x86_64 | 0.0.4 | 22.58 | 37.07 | 59.65 | OK | |
r-release-macos-arm64 | 0.0.4 | 32.00 | OK | |||
r-release-macos-x86_64 | 0.0.4 | 71.00 | OK | |||
r-release-windows-x86_64 | 0.0.4 | 17.00 | 79.00 | 96.00 | OK | |
r-oldrel-macos-arm64 | 0.0.4 | 36.00 | OK | |||
r-oldrel-macos-x86_64 | 0.0.4 | 62.00 | OK | |||
r-oldrel-windows-x86_64 | 0.0.4 | 23.00 | 79.00 | 102.00 | OK |
Version: 0.0.4
Check: compiled code
Result: NOTE
File ‘readNSx/libs/readNSx.so’:
Found non-API calls to R: ‘SETLENGTH’, ‘SET_TRUELENGTH’
Compiled code should not call non-API entry points in R.
See ‘Writing portable packages’ in the ‘Writing R Extensions’ manual.
Flavors: r-devel-linux-x86_64-debian-clang, r-devel-linux-x86_64-debian-gcc, r-devel-linux-x86_64-fedora-clang, r-devel-linux-x86_64-fedora-gcc
Version: 0.0.4
Check: compiled code
Result: NOTE
File 'readNSx/libs/x64/readNSx.dll':
Found non-API calls to R: 'SETLENGTH', 'SET_TRUELENGTH'
Compiled code should not call non-API entry points in R.
See 'Writing portable packages' in the 'Writing R Extensions' manual.
Flavor: r-devel-windows-x86_64