Last updated on 2024-05-21 02:02:15 CEST.
Flavor | Version | Tinstall | Tcheck | Ttotal | Status | Flags |
---|---|---|---|---|---|---|
r-devel-linux-x86_64-debian-clang | 0.0-1 | 2.20 | 23.51 | 25.71 | NOTE | |
r-devel-linux-x86_64-debian-gcc | 0.0-1 | 1.40 | 18.11 | 19.51 | NOTE | |
r-devel-linux-x86_64-fedora-clang | 0.0-1 | 31.97 | NOTE | |||
r-devel-linux-x86_64-fedora-gcc | 0.0-1 | 30.83 | NOTE | |||
r-devel-windows-x86_64 | 0.0-1 | 3.00 | 39.00 | 42.00 | NOTE | |
r-patched-linux-x86_64 | 0.0-1 | 3.12 | 22.82 | 25.94 | NOTE | |
r-release-linux-x86_64 | 0.0-1 | 2.05 | 22.68 | 24.73 | NOTE | |
r-release-macos-arm64 | 0.0-1 | 15.00 | NOTE | |||
r-release-windows-x86_64 | 0.0-1 | 3.00 | 41.00 | 44.00 | NOTE | |
r-oldrel-macos-arm64 | 0.0-1 | 18.00 | NOTE | |||
r-oldrel-macos-x86_64 | 0.0-1 | 20.00 | NOTE | |||
r-oldrel-windows-x86_64 | 0.0-1 | 3.00 | 40.00 | 43.00 | NOTE |
Version: 0.0-1
Check: LazyData
Result: NOTE
'LazyData' is specified without a 'data' directory
Flavors: r-devel-linux-x86_64-debian-clang, r-devel-linux-x86_64-debian-gcc, r-devel-linux-x86_64-fedora-clang, r-devel-linux-x86_64-fedora-gcc, r-devel-windows-x86_64, r-patched-linux-x86_64, r-release-linux-x86_64, r-release-macos-arm64, r-release-windows-x86_64, r-oldrel-macos-arm64, r-oldrel-macos-x86_64, r-oldrel-windows-x86_64