CRAN Package Check Results for Package recexcavAAR

Last updated on 2025-05-01 01:49:43 CEST.

Flavor Version Tinstall Tcheck Ttotal Status Flags
r-devel-linux-x86_64-debian-clang 0.3.0 39.77 62.27 102.04 NOTE
r-devel-linux-x86_64-debian-gcc 0.3.0 31.60 47.38 78.98 OK
r-devel-linux-x86_64-fedora-clang 0.3.0 173.60 OK
r-devel-linux-x86_64-fedora-gcc 0.3.0 190.94 OK
r-devel-windows-x86_64 0.3.0 52.00 101.00 153.00 OK
r-patched-linux-x86_64 0.3.0 44.85 57.07 101.92 OK
r-release-linux-x86_64 0.3.0 45.64 58.22 103.86 OK
r-release-macos-arm64 0.3.0 52.00 OK
r-release-macos-x86_64 0.3.0 76.00 OK
r-release-windows-x86_64 0.3.0 52.00 99.00 151.00 OK
r-oldrel-macos-arm64 0.3.0 54.00 NOTE
r-oldrel-macos-x86_64 0.3.0 69.00 NOTE
r-oldrel-windows-x86_64 0.3.0 42.00 115.00 157.00 OK

Check Details

Version: 0.3.0
Check: examples
Result: NOTE Examples with CPU (user + system) or elapsed time > 5s user system elapsed posdeclist 11.735 0.061 13.651 Flavor: r-devel-linux-x86_64-debian-clang

Version: 0.3.0
Check: examples
Result: NA user system elapsed posdeclist 6.183 0.132 7.885 OK Flavor: r-devel-linux-x86_64-debian-gcc

Version: 0.3.0
Check: installed package size
Result: NOTE installed size is 5.1Mb sub-directories of 1Mb or more: doc 2.5Mb libs 2.5Mb Flavors: r-oldrel-macos-arm64, r-oldrel-macos-x86_64