Last updated on 2024-05-21 02:02:16 CEST.
Flavor | Version | Tinstall | Tcheck | Ttotal | Status | Flags |
---|---|---|---|---|---|---|
r-devel-linux-x86_64-debian-clang | 0.3.3 | 5.02 | 47.65 | 52.67 | NOTE | |
r-devel-linux-x86_64-debian-gcc | 0.3.3 | 3.98 | 35.85 | 39.83 | NOTE | |
r-devel-linux-x86_64-fedora-clang | 0.3.3 | 65.96 | NOTE | |||
r-devel-linux-x86_64-fedora-gcc | 0.3.3 | 74.20 | NOTE | |||
r-devel-windows-x86_64 | 0.3.3 | 5.00 | 58.00 | 63.00 | NOTE | |
r-patched-linux-x86_64 | 0.3.3 | 4.58 | 44.99 | 49.57 | NOTE | |
r-release-linux-x86_64 | 0.3.3 | 4.41 | 44.92 | 49.33 | NOTE | |
r-release-macos-arm64 | 0.3.3 | 30.00 | NOTE | |||
r-release-windows-x86_64 | 0.3.3 | 6.00 | 56.00 | 62.00 | NOTE | |
r-oldrel-macos-arm64 | 0.3.3 | 28.00 | NOTE | |||
r-oldrel-macos-x86_64 | 0.3.3 | 43.00 | NOTE | |||
r-oldrel-windows-x86_64 | 0.3.3 | 7.00 | 63.00 | 70.00 | NOTE |
Version: 0.3.3
Check: LazyData
Result: NOTE
'LazyData' is specified without a 'data' directory
Flavors: r-devel-linux-x86_64-debian-clang, r-devel-linux-x86_64-debian-gcc, r-devel-linux-x86_64-fedora-clang, r-devel-linux-x86_64-fedora-gcc, r-devel-windows-x86_64, r-patched-linux-x86_64, r-release-linux-x86_64, r-release-macos-arm64, r-release-windows-x86_64, r-oldrel-macos-arm64, r-oldrel-macos-x86_64, r-oldrel-windows-x86_64